Last updated on 2025-05-08 04:52:05 CEST.
Flavor | Version | Tinstall | Tcheck | Ttotal | Status | Flags |
---|---|---|---|---|---|---|
r-devel-linux-x86_64-debian-clang | 1.5.2 | 65.87 | 440.90 | 506.77 | OK | |
r-devel-linux-x86_64-debian-gcc | 1.5.2 | 50.50 | 281.87 | 332.37 | OK | |
r-devel-linux-x86_64-fedora-clang | 1.5.2 | 850.77 | OK | |||
r-devel-linux-x86_64-fedora-gcc | 1.5.2 | 892.02 | OK | |||
r-devel-windows-x86_64 | 1.5.2 | 67.00 | 365.00 | 432.00 | OK | |
r-patched-linux-x86_64 | 1.5.2 | 69.78 | 423.46 | 493.24 | OK | |
r-release-linux-x86_64 | 1.5.1 | 64.46 | 404.04 | 468.50 | OK | |
r-release-macos-arm64 | 1.5.2 | 137.00 | OK | |||
r-release-macos-x86_64 | 1.5.2 | 335.00 | OK | |||
r-release-windows-x86_64 | 1.5.2 | 69.00 | 394.00 | 463.00 | OK | |
r-oldrel-macos-arm64 | 1.5.2 | 198.00 | NOTE | |||
r-oldrel-macos-x86_64 | 1.5.2 | 419.00 | NOTE | |||
r-oldrel-windows-x86_64 | 1.5.1 | 86.00 | 525.00 | 611.00 | NOTE |
Version: 1.5.2
Check: installed package size
Result: NOTE
installed size is 17.8Mb
sub-directories of 1Mb or more:
data 2.7Mb
doc 1.1Mb
help 1.0Mb
libs 12.5Mb
Flavors: r-oldrel-macos-arm64, r-oldrel-macos-x86_64
Version: 1.5.1
Check: installed package size
Result: NOTE
installed size is 6.5Mb
sub-directories of 1Mb or more:
data 2.7Mb
doc 1.1Mb
help 1.0Mb
libs 1.2Mb
Flavor: r-oldrel-windows-x86_64
These binaries (installable software) and packages are in development.
They may not be fully stable and should be used with caution. We make no claims about them.