Last updated on 2024-07-27 15:50:18 CEST.
Flavor | Version | Tinstall | Tcheck | Ttotal | Status | Flags |
---|---|---|---|---|---|---|
r-devel-linux-x86_64-debian-clang | 1.4.0 | 75.59 | 530.26 | 605.85 | OK | |
r-devel-linux-x86_64-debian-gcc | 1.4.0 | NOTE | ||||
r-devel-linux-x86_64-fedora-clang | 1.4.0 | 780.59 | NOTE | |||
r-devel-linux-x86_64-fedora-gcc | 1.4.0 | 783.75 | OK | |||
r-devel-windows-x86_64 | 1.4.0 | 61.00 | 375.00 | 436.00 | NOTE | |
r-patched-linux-x86_64 | 1.4.0 | OK | ||||
r-release-linux-x86_64 | 1.4.0 | 54.42 | 545.08 | 599.50 | OK | |
r-release-macos-arm64 | 1.4.0 | 202.00 | NOTE | |||
r-release-macos-x86_64 | 1.4.0 | 297.00 | NOTE | |||
r-release-windows-x86_64 | 1.4.0 | 67.00 | 376.00 | 443.00 | NOTE | |
r-oldrel-macos-arm64 | 1.4.0 | 199.00 | NOTE | |||
r-oldrel-macos-x86_64 | 1.4.0 | 385.00 | NOTE | |||
r-oldrel-windows-x86_64 | 1.4.0 | 74.00 | 470.00 | 544.00 | NOTE |
Version: 1.4.0
Check: Rd cross-references
Result: NOTE
Found the following Rd file(s) with Rd \link{} targets missing package
anchors:
correlations.Rd: saveWidget
distance.sampling.Rd: ds
normalize.Rd: classify_ground, grid_terrain, normalize_height
optimize.plot.design.Rd: saveWidget
relative.bias.Rd: saveWidget
simulations.Rd: vroom
tree.detection.several.plots.Rd: vroom_write
Please provide package anchors for all Rd \link{} targets not in the
package itself and the base packages.
Flavors: r-devel-linux-x86_64-debian-gcc, r-devel-windows-x86_64
Version: 1.4.0
Check: installed package size
Result: NOTE
installed size is 5.7Mb
sub-directories of 1Mb or more:
data 2.7Mb
doc 1.1Mb
help 1.0Mb
Flavors: r-devel-linux-x86_64-fedora-clang, r-devel-windows-x86_64, r-release-macos-arm64, r-release-macos-x86_64, r-release-windows-x86_64, r-oldrel-macos-arm64, r-oldrel-macos-x86_64, r-oldrel-windows-x86_64
These binaries (installable software) and packages are in development.
They may not be fully stable and should be used with caution. We make no claims about them.