CRAN Package Check Results for Package FPCA3D

Last updated on 2025-11-11 15:50:34 CET.

Flavor Version Tinstall Tcheck Ttotal Status Flags
r-devel-linux-x86_64-debian-clang 1.0 1.76 20.51 22.27 NOTE
r-devel-linux-x86_64-debian-gcc 1.0 1.50 17.18 18.68 NOTE
r-devel-linux-x86_64-fedora-clang 1.0 32.95 OK
r-devel-linux-x86_64-fedora-gcc 1.0 31.48 OK
r-devel-windows-x86_64 1.0 3.00 46.00 49.00 OK
r-patched-linux-x86_64 1.0 1.71 19.65 21.36 OK
r-release-linux-x86_64 1.0 1.77 19.66 21.43 OK
r-release-macos-arm64 1.0 1.00 16.00 17.00 OK
r-release-macos-x86_64 1.0 2.00 22.00 24.00 OK
r-release-windows-x86_64 1.0 3.00 42.00 45.00 OK
r-oldrel-macos-arm64 1.0 1.00 14.00 15.00 OK
r-oldrel-macos-x86_64 1.0 2.00 20.00 22.00 OK
r-oldrel-windows-x86_64 1.0 4.00 43.00 47.00 OK

Check Details

Version: 1.0
Check: CRAN incoming feasibility
Result: NOTE Maintainer: ‘Nan Lin <edmondlinnan@gmail.com>’ No Authors@R field in DESCRIPTION. Please add one, modifying Authors@R: c(person(given = "Nan", family = "Lin", role = c("aut", "cre"), email = "edmondlinnan@gmail.com"), person(given = "Momiao", family = "Xiong", role = "aut")) as necessary. Flavors: r-devel-linux-x86_64-debian-clang, r-devel-linux-x86_64-debian-gcc

These binaries (installable software) and packages are in development.
They may not be fully stable and should be used with caution. We make no claims about them.