CRAN Package Check Results for Package FPV

Last updated on 2025-07-01 11:49:19 CEST.

Flavor Version Tinstall Tcheck Ttotal Status Flags
r-devel-linux-x86_64-debian-clang 0.5 1.97 30.10 32.07 NOTE
r-devel-linux-x86_64-debian-gcc 0.5 1.60 23.34 24.94 NOTE
r-devel-linux-x86_64-fedora-clang 0.5 50.73 OK
r-devel-linux-x86_64-fedora-gcc 0.5 47.49 OK
r-devel-windows-x86_64 0.5 3.00 47.00 50.00 OK
r-patched-linux-x86_64 OK
r-release-linux-x86_64 0.5 2.05 28.19 30.24 OK
r-release-macos-arm64 0.5 20.00 OK
r-release-macos-x86_64 0.5 33.00 OK
r-release-windows-x86_64 0.5 4.00 48.00 52.00 OK
r-oldrel-macos-arm64 0.5 18.00 OK
r-oldrel-macos-x86_64 0.5 27.00 OK
r-oldrel-windows-x86_64 0.5 4.00 54.00 58.00 OK

Check Details

Version: 0.5
Check: CRAN incoming feasibility
Result: NOTE Maintainer: ‘Abbas Parchami <parchami@uk.ac.ir>’ No Authors@R field in DESCRIPTION. Please add one, modifying Authors@R: person(given = "Abbas", family = "Parchami", role = c("aut", "cre"), email = "parchami@uk.ac.ir", comment = "Department of Statistics, Faculty of Mathematics and Computer, Shahid Bahonar University of Kerman, Kerman, Iran") as necessary. Flavors: r-devel-linux-x86_64-debian-clang, r-devel-linux-x86_64-debian-gcc

These binaries (installable software) and packages are in development.
They may not be fully stable and should be used with caution. We make no claims about them.