Last updated on 2025-10-23 23:49:29 CEST.
| Flavor | Version | Tinstall | Tcheck | Ttotal | Status | Flags |
|---|---|---|---|---|---|---|
| r-devel-linux-x86_64-debian-clang | 0.5 | 1.91 | 31.30 | 33.21 | NOTE | |
| r-devel-linux-x86_64-debian-gcc | 0.5 | 1.68 | 24.19 | 25.87 | NOTE | |
| r-devel-linux-x86_64-fedora-clang | 0.5 | 50.40 | OK | |||
| r-devel-linux-x86_64-fedora-gcc | 0.5 | 47.74 | OK | |||
| r-devel-windows-x86_64 | 0.5 | 6.00 | 46.00 | 52.00 | OK | |
| r-patched-linux-x86_64 | 0.5 | 2.24 | 29.43 | 31.67 | OK | |
| r-release-linux-x86_64 | 0.5 | 2.13 | 29.31 | 31.44 | OK | |
| r-release-macos-arm64 | 0.5 | 1.00 | 19.00 | 20.00 | OK | |
| r-release-macos-x86_64 | 0.5 | 3.00 | 30.00 | 33.00 | OK | |
| r-release-windows-x86_64 | 0.5 | 3.00 | 49.00 | 52.00 | OK | |
| r-oldrel-macos-arm64 | 0.5 | 1.00 | 17.00 | 18.00 | OK | |
| r-oldrel-macos-x86_64 | 0.5 | 2.00 | 25.00 | 27.00 | OK | |
| r-oldrel-windows-x86_64 | 0.5 | 4.00 | 55.00 | 59.00 | OK |
Version: 0.5
Check: CRAN incoming feasibility
Result: NOTE
Maintainer: ‘Abbas Parchami <parchami@uk.ac.ir>’
No Authors@R field in DESCRIPTION.
Please add one, modifying
Authors@R: person(given = "Abbas",
family = "Parchami",
role = c("aut", "cre"),
email = "parchami@uk.ac.ir",
comment = "Department of Statistics, Faculty of Mathematics and Computer, Shahid Bahonar University of Kerman, Kerman, Iran")
as necessary.
Flavors: r-devel-linux-x86_64-debian-clang, r-devel-linux-x86_64-debian-gcc
These binaries (installable software) and packages are in development.
They may not be fully stable and should be used with caution. We make no claims about them.