Last updated on 2025-02-16 12:53:35 CET.
Flavor | Version | Tinstall | Tcheck | Ttotal | Status | Flags |
---|---|---|---|---|---|---|
r-devel-linux-x86_64-debian-clang | 0.4-1 | 10.17 | 70.61 | 80.78 | NOTE | |
r-devel-linux-x86_64-debian-gcc | 0.4-1 | 8.15 | 48.55 | 56.70 | NOTE | |
r-devel-linux-x86_64-fedora-clang | 0.4-1 | 133.00 | NOTE | |||
r-devel-linux-x86_64-fedora-gcc | 0.4-1 | 126.32 | NOTE | |||
r-devel-macos-arm64 | 0.4-1 | 38.00 | NOTE | |||
r-devel-macos-x86_64 | 0.4-1 | 69.00 | NOTE | |||
r-devel-windows-x86_64 | 0.4-1 | 13.00 | 87.00 | 100.00 | NOTE | |
r-patched-linux-x86_64 | 0.4-1 | 13.32 | 65.86 | 79.18 | NOTE | |
r-release-linux-x86_64 | 0.4-1 | 10.28 | 66.11 | 76.39 | NOTE | |
r-release-macos-arm64 | 0.4-1 | 37.00 | NOTE | |||
r-release-macos-x86_64 | 0.4-1 | 56.00 | NOTE | |||
r-release-windows-x86_64 | 0.4-1 | 13.00 | 90.00 | 103.00 | NOTE | |
r-oldrel-macos-arm64 | 0.4-1 | 38.00 | NOTE | |||
r-oldrel-macos-x86_64 | 0.4-1 | 66.00 | NOTE | |||
r-oldrel-windows-x86_64 | 0.4-1 | 17.00 | 111.00 | 128.00 | NOTE |
Version: 0.4-1
Check: Rd files
Result: NOTE
checkRd: (-1) MultiAsset.Rd:26: Escaped LaTeX specials: \&
Flavors: r-devel-linux-x86_64-debian-clang, r-devel-linux-x86_64-debian-gcc, r-devel-linux-x86_64-fedora-clang, r-devel-linux-x86_64-fedora-gcc, r-devel-macos-arm64, r-devel-macos-x86_64, r-devel-windows-x86_64, r-patched-linux-x86_64, r-release-linux-x86_64, r-release-macos-arm64, r-release-macos-x86_64, r-release-windows-x86_64, r-oldrel-macos-arm64, r-oldrel-macos-x86_64, r-oldrel-windows-x86_64
These binaries (installable software) and packages are in development.
They may not be fully stable and should be used with caution. We make no claims about them.