Last updated on 2024-07-27 15:50:18 CEST.
Flavor | Version | Tinstall | Tcheck | Ttotal | Status | Flags |
---|---|---|---|---|---|---|
r-devel-linux-x86_64-debian-clang | 0.1.0 | 33.89 | 327.46 | 361.35 | OK | |
r-devel-linux-x86_64-debian-gcc | 0.1.0 | OK | ||||
r-devel-linux-x86_64-fedora-clang | 0.1.0 | 470.71 | NOTE | |||
r-devel-linux-x86_64-fedora-gcc | 0.1.0 | 420.79 | NOTE | |||
r-devel-windows-x86_64 | 0.1.0 | 28.00 | 226.00 | 254.00 | OK | |
r-patched-linux-x86_64 | 0.1.0 | OK | ||||
r-release-linux-x86_64 | 0.1.0 | 19.69 | 309.89 | 329.58 | OK | |
r-release-macos-arm64 | 0.1.0 | 119.00 | OK | |||
r-release-macos-x86_64 | 0.1.0 | 189.00 | OK | |||
r-release-windows-x86_64 | 0.1.0 | 24.00 | 228.00 | 252.00 | OK | |
r-oldrel-macos-arm64 | 0.1.0 | 135.00 | OK | |||
r-oldrel-macos-x86_64 | 0.1.0 | 224.00 | OK | |||
r-oldrel-windows-x86_64 | 0.1.0 | 37.00 | 304.00 | 341.00 | OK |
Version: 0.1.0
Check: dependencies in R code
Result: NOTE
Namespace in Imports field not imported from: ‘MASS’
All declared Imports should be used.
Flavors: r-devel-linux-x86_64-fedora-clang, r-devel-linux-x86_64-fedora-gcc
These binaries (installable software) and packages are in development.
They may not be fully stable and should be used with caution. We make no claims about them.