Last updated on 2025-05-08 04:52:05 CEST.
Flavor | Version | Tinstall | Tcheck | Ttotal | Status | Flags |
---|---|---|---|---|---|---|
r-devel-linux-x86_64-debian-clang | 0.1.0 | 28.29 | 271.29 | 299.58 | NOTE | |
r-devel-linux-x86_64-debian-gcc | 0.1.0 | 19.66 | 200.89 | 220.55 | NOTE | |
r-devel-linux-x86_64-fedora-clang | 0.1.0 | 495.00 | NOTE | |||
r-devel-linux-x86_64-fedora-gcc | 0.1.0 | 469.68 | NOTE | |||
r-devel-windows-x86_64 | 0.1.0 | 28.00 | 228.00 | 256.00 | OK | |
r-patched-linux-x86_64 | 0.1.0 | 24.39 | 256.14 | 280.53 | OK | |
r-release-linux-x86_64 | 0.1.0 | 25.93 | 257.06 | 282.99 | OK | |
r-release-macos-arm64 | 0.1.0 | 118.00 | OK | |||
r-release-macos-x86_64 | 0.1.0 | 235.00 | OK | |||
r-release-windows-x86_64 | 0.1.0 | 27.00 | 229.00 | 256.00 | OK | |
r-oldrel-macos-arm64 | 0.1.0 | 119.00 | OK | |||
r-oldrel-macos-x86_64 | 0.1.0 | 189.00 | OK | |||
r-oldrel-windows-x86_64 | 0.1.0 | 38.00 | 302.00 | 340.00 | OK |
Version: 0.1.0
Check: CRAN incoming feasibility
Result: NOTE
Maintainer: ‘Athanasse Zafirov <zafirov@gmail.com>’
Package CITATION file contains call(s) to old-style personList() or
as.personList(). Please use c() on person objects instead.
Package CITATION file contains call(s) to old-style citEntry(). Please
use bibentry() instead.
Flavors: r-devel-linux-x86_64-debian-clang, r-devel-linux-x86_64-debian-gcc
Version: 0.1.0
Check: dependencies in R code
Result: NOTE
Namespace in Imports field not imported from: ‘MASS’
All declared Imports should be used.
Flavors: r-devel-linux-x86_64-fedora-clang, r-devel-linux-x86_64-fedora-gcc
These binaries (installable software) and packages are in development.
They may not be fully stable and should be used with caution. We make no claims about them.