CRAN Package Check Results for Package FRESA.CAD

Last updated on 2025-05-21 21:49:17 CEST.

Flavor Version Tinstall Tcheck Ttotal Status Flags
r-devel-linux-x86_64-debian-clang 3.4.8 88.24 161.53 249.77 NOTE
r-devel-linux-x86_64-debian-gcc 3.4.8 64.38 104.99 169.37 NOTE
r-devel-linux-x86_64-fedora-clang 3.4.8 418.93 OK
r-devel-linux-x86_64-fedora-gcc 3.4.8 434.97 OK
r-devel-windows-x86_64 3.4.8 94.00 180.00 274.00 OK
r-patched-linux-x86_64 3.4.8 99.70 150.77 250.47 OK
r-release-linux-x86_64 3.4.8 90.13 149.20 239.33 OK
r-release-macos-arm64 3.4.8 86.00 OK
r-release-macos-x86_64 3.4.8 159.00 OK
r-release-windows-x86_64 3.4.8 96.00 176.00 272.00 OK
r-oldrel-macos-arm64 3.4.8 98.00 NOTE
r-oldrel-macos-x86_64 3.4.8 227.00 NOTE
r-oldrel-windows-x86_64 3.4.8 120.00 223.00 343.00 OK

Check Details

Version: 3.4.8
Check: CRAN incoming feasibility
Result: NOTE Maintainer: ‘Jose Gerardo Tamez-Pena <jose.tamezpena@tec.mx>’ No Authors@R field in DESCRIPTION. Please add one, modifying Authors@R: c(person(given = c("Jose", "Gerardo"), family = "Tamez-Pena", role = c("aut", "cre"), email = "jose.tamezpena@tec.mx"), person(given = "Antonio", family = "Martinez-Torteya", role = "aut"), person(given = "Israel", family = "Alanis", role = "aut"), person(given = "Jorge", family = "Orozco", role = "aut")) as necessary. Flavors: r-devel-linux-x86_64-debian-clang, r-devel-linux-x86_64-debian-gcc

Version: 3.4.8
Check: installed package size
Result: NOTE installed size is 9.2Mb sub-directories of 1Mb or more: doc 1.7Mb libs 6.2Mb Flavors: r-oldrel-macos-arm64, r-oldrel-macos-x86_64

These binaries (installable software) and packages are in development.
They may not be fully stable and should be used with caution. We make no claims about them.