Last updated on 2025-02-16 10:50:46 CET.
Flavor | Version | Tinstall | Tcheck | Ttotal | Status | Flags |
---|---|---|---|---|---|---|
r-devel-linux-x86_64-debian-clang | 0.1.2 | 17.58 | 50.74 | 68.32 | NOTE | |
r-devel-linux-x86_64-debian-gcc | 0.1.2 | 12.79 | 40.64 | 53.43 | NOTE | |
r-devel-linux-x86_64-fedora-clang | 0.1.2 | 114.97 | NOTE | |||
r-devel-linux-x86_64-fedora-gcc | 0.1.2 | 107.61 | NOTE | |||
r-devel-macos-arm64 | 0.1.2 | 35.00 | NOTE | |||
r-devel-macos-x86_64 | 0.1.2 | 64.00 | NOTE | |||
r-devel-windows-x86_64 | 0.1.2 | 20.00 | 84.00 | 104.00 | NOTE | |
r-patched-linux-x86_64 | 0.1.2 | 16.21 | 48.63 | 64.84 | NOTE | |
r-release-linux-x86_64 | 0.1.2 | 16.71 | 48.74 | 65.45 | NOTE | |
r-release-macos-arm64 | 0.1.2 | 35.00 | NOTE | |||
r-release-macos-x86_64 | 0.1.2 | 51.00 | NOTE | |||
r-release-windows-x86_64 | 0.1.2 | 20.00 | 94.00 | 114.00 | NOTE | |
r-oldrel-macos-arm64 | 0.1.2 | 38.00 | NOTE | |||
r-oldrel-macos-x86_64 | 0.1.2 | 63.00 | NOTE | |||
r-oldrel-windows-x86_64 | 0.1.2 | 17.00 | 96.00 | 113.00 | NOTE |
Version: 0.1.2
Check: C++ specification
Result: NOTE
Specified C++11: please drop specification unless essential
Flavors: r-devel-linux-x86_64-debian-clang, r-devel-linux-x86_64-debian-gcc, r-devel-linux-x86_64-fedora-clang, r-devel-linux-x86_64-fedora-gcc, r-devel-macos-arm64, r-devel-macos-x86_64, r-devel-windows-x86_64, r-patched-linux-x86_64, r-release-linux-x86_64, r-release-macos-arm64, r-release-macos-x86_64, r-release-windows-x86_64, r-oldrel-macos-arm64, r-oldrel-macos-x86_64, r-oldrel-windows-x86_64
These binaries (installable software) and packages are in development.
They may not be fully stable and should be used with caution. We make no claims about them.