CRAN Package Check Results for Package FSSF

Last updated on 2025-05-07 15:49:16 CEST.

Flavor Version Tinstall Tcheck Ttotal Status Flags
r-devel-linux-x86_64-debian-clang 0.1.1 73.35 22.13 95.48 NOTE
r-devel-linux-x86_64-debian-gcc 0.1.1 114.35 18.71 133.06 NOTE
r-devel-linux-x86_64-fedora-clang 0.1.1 206.67 NOTE
r-devel-linux-x86_64-fedora-gcc 0.1.1 264.47 NOTE
r-devel-windows-x86_64 0.1.1 116.00 60.00 176.00 NOTE
r-patched-linux-x86_64 0.1.1 104.61 21.75 126.36 NOTE
r-release-linux-x86_64 0.1.1 98.50 21.66 120.16 NOTE
r-release-macos-arm64 0.1.1 50.00 NOTE
r-release-macos-x86_64 0.1.1 63.00 NOTE
r-release-windows-x86_64 0.1.1 118.00 68.00 186.00 NOTE
r-oldrel-macos-arm64 0.1.1 50.00 NOTE
r-oldrel-macos-x86_64 0.1.1 51.00 NOTE
r-oldrel-windows-x86_64 0.1.1 151.00 76.00 227.00 NOTE

Check Details

Version: 0.1.1
Check: CRAN incoming feasibility
Result: NOTE Maintainer: ‘Boyang Shang <boyangshang2015@u.northwestern.edu>’ No Authors@R field in DESCRIPTION. Please add one, modifying Authors@R: c(person(given = "Boyang", family = "Shang", role = c("aut", "cre"), email = "boyangshang2015@u.northwestern.edu"), person(given = c("Daniel", "W."), family = "Apley", role = "aut")) as necessary. Flavors: r-devel-linux-x86_64-debian-clang, r-devel-linux-x86_64-debian-gcc

Version: 0.1.1
Check: C++ specification
Result: NOTE Specified C++11: please drop specification unless essential Flavors: r-devel-linux-x86_64-debian-clang, r-devel-linux-x86_64-debian-gcc, r-devel-linux-x86_64-fedora-clang, r-devel-linux-x86_64-fedora-gcc, r-devel-windows-x86_64, r-patched-linux-x86_64, r-release-linux-x86_64, r-release-macos-arm64, r-release-macos-x86_64, r-release-windows-x86_64, r-oldrel-macos-arm64, r-oldrel-macos-x86_64, r-oldrel-windows-x86_64

These binaries (installable software) and packages are in development.
They may not be fully stable and should be used with caution. We make no claims about them.