Last updated on 2025-02-16 12:53:35 CET.
Flavor | Version | Tinstall | Tcheck | Ttotal | Status | Flags |
---|---|---|---|---|---|---|
r-devel-linux-x86_64-debian-clang | 0.1.1 | 68.75 | 21.95 | 90.70 | NOTE | |
r-devel-linux-x86_64-debian-gcc | 0.1.1 | 106.12 | 17.62 | 123.74 | NOTE | |
r-devel-linux-x86_64-fedora-clang | 0.1.1 | 201.65 | NOTE | |||
r-devel-linux-x86_64-fedora-gcc | 0.1.1 | 235.65 | NOTE | |||
r-devel-macos-arm64 | 0.1.1 | 47.00 | NOTE | |||
r-devel-macos-x86_64 | 0.1.1 | 63.00 | NOTE | |||
r-devel-windows-x86_64 | 0.1.1 | 98.00 | 75.00 | 173.00 | NOTE | |
r-patched-linux-x86_64 | 0.1.1 | 106.92 | 21.05 | 127.97 | NOTE | |
r-release-linux-x86_64 | 0.1.1 | 114.98 | 20.99 | 135.97 | NOTE | |
r-release-macos-arm64 | 0.1.1 | 50.00 | NOTE | |||
r-release-macos-x86_64 | 0.1.1 | 51.00 | NOTE | |||
r-release-windows-x86_64 | 0.1.1 | 109.00 | 68.00 | 177.00 | NOTE | |
r-oldrel-macos-arm64 | 0.1.1 | 79.00 | NOTE | |||
r-oldrel-macos-x86_64 | 0.1.1 | 96.00 | NOTE | |||
r-oldrel-windows-x86_64 | 0.1.1 | 408.00 | 70.00 | 478.00 | NOTE |
Version: 0.1.1
Check: C++ specification
Result: NOTE
Specified C++11: please drop specification unless essential
Flavors: r-devel-linux-x86_64-debian-clang, r-devel-linux-x86_64-debian-gcc, r-devel-linux-x86_64-fedora-clang, r-devel-linux-x86_64-fedora-gcc, r-devel-macos-arm64, r-devel-macos-x86_64, r-devel-windows-x86_64, r-patched-linux-x86_64, r-release-linux-x86_64, r-release-macos-arm64, r-release-macos-x86_64, r-release-windows-x86_64, r-oldrel-macos-arm64, r-oldrel-macos-x86_64, r-oldrel-windows-x86_64
These binaries (installable software) and packages are in development.
They may not be fully stable and should be used with caution. We make no claims about them.