Last updated on 2025-10-24 05:50:39 CEST.
| Flavor | Version | Tinstall | Tcheck | Ttotal | Status | Flags |
|---|---|---|---|---|---|---|
| r-devel-linux-x86_64-debian-clang | 0.1 | 6.94 | 64.54 | 71.48 | NOTE | |
| r-devel-linux-x86_64-debian-gcc | 0.1 | 5.45 | 49.40 | 54.85 | NOTE | |
| r-devel-linux-x86_64-fedora-clang | 0.1 | 15.00 | 92.04 | 107.04 | OK | |
| r-devel-linux-x86_64-fedora-gcc | 0.1 | 32.00 | 78.72 | 110.72 | OK | |
| r-devel-windows-x86_64 | 0.1 | 8.00 | 71.00 | 79.00 | OK | |
| r-patched-linux-x86_64 | 0.1 | 6.41 | 61.97 | 68.38 | OK | |
| r-release-linux-x86_64 | 0.1 | 7.68 | 62.02 | 69.70 | OK | |
| r-release-macos-arm64 | 0.1 | 4.00 | 33.00 | 37.00 | OK | |
| r-release-macos-x86_64 | 0.1 | 6.00 | 55.00 | 61.00 | OK | |
| r-release-windows-x86_64 | 0.1 | 8.00 | 74.00 | 82.00 | OK | |
| r-oldrel-macos-arm64 | 0.1 | 3.00 | 31.00 | 34.00 | OK | |
| r-oldrel-macos-x86_64 | 0.1 | 5.00 | 48.00 | 53.00 | OK | |
| r-oldrel-windows-x86_64 | 0.1 | 10.00 | 91.00 | 101.00 | OK |
Version: 0.1
Check: CRAN incoming feasibility
Result: NOTE
Maintainer: ‘Zihuai He <zihuai@umich.edu>’
No Authors@R field in DESCRIPTION.
Please add one, modifying
Authors@R: person(given = "Zihuai",
family = "He",
role = c("aut", "cre"),
email = "zihuai@umich.edu")
as necessary.
Flavors: r-devel-linux-x86_64-debian-clang, r-devel-linux-x86_64-debian-gcc
These binaries (installable software) and packages are in development.
They may not be fully stable and should be used with caution. We make no claims about them.