Last updated on 2025-02-16 10:50:46 CET.
Flavor | Version | Tinstall | Tcheck | Ttotal | Status | Flags |
---|---|---|---|---|---|---|
r-devel-linux-x86_64-debian-clang | 0.34 | 7.38 | 59.95 | 67.33 | NOTE | |
r-devel-linux-x86_64-debian-gcc | 0.34 | 5.44 | 45.53 | 50.97 | NOTE | |
r-devel-linux-x86_64-fedora-clang | 0.34 | 114.01 | NOTE | |||
r-devel-linux-x86_64-fedora-gcc | 0.34 | 115.74 | NOTE | |||
r-devel-macos-arm64 | 0.34 | 30.00 | NOTE | |||
r-devel-macos-x86_64 | 0.34 | 55.00 | NOTE | |||
r-devel-windows-x86_64 | 0.34 | 9.00 | 76.00 | 85.00 | NOTE | |
r-patched-linux-x86_64 | 0.34 | 7.78 | 58.26 | 66.04 | NOTE | |
r-release-linux-x86_64 | 0.34 | 6.76 | 57.72 | 64.48 | NOTE | |
r-release-macos-arm64 | 0.34 | 30.00 | NOTE | |||
r-release-macos-x86_64 | 0.34 | 43.00 | NOTE | |||
r-release-windows-x86_64 | 0.34 | 7.00 | 80.00 | 87.00 | NOTE | |
r-oldrel-macos-arm64 | 0.34 | 37.00 | OK | |||
r-oldrel-macos-x86_64 | 0.34 | 71.00 | OK | |||
r-oldrel-windows-x86_64 | 0.34 | 9.00 | 82.00 | 91.00 | OK |
Version: 0.34
Check: Rd files
Result: NOTE
checkRd: (-1) FSelector-package.Rd:14: Lost braces in \itemize; meant \describe ?
checkRd: (-1) FSelector-package.Rd:15: Lost braces in \itemize; meant \describe ?
checkRd: (-1) FSelector-package.Rd:16: Lost braces in \itemize; meant \describe ?
checkRd: (-1) FSelector-package.Rd:17: Lost braces in \itemize; meant \describe ?
checkRd: (-1) relief.Rd:21: Lost braces in \itemize; meant \describe ?
checkRd: (-1) relief.Rd:22: Lost braces in \itemize; meant \describe ?
Flavors: r-devel-linux-x86_64-debian-clang, r-devel-linux-x86_64-debian-gcc, r-devel-linux-x86_64-fedora-clang, r-devel-linux-x86_64-fedora-gcc, r-devel-macos-arm64, r-devel-macos-x86_64, r-devel-windows-x86_64, r-patched-linux-x86_64, r-release-linux-x86_64, r-release-macos-arm64, r-release-macos-x86_64, r-release-windows-x86_64
These binaries (installable software) and packages are in development.
They may not be fully stable and should be used with caution. We make no claims about them.