Last updated on 2025-07-26 07:50:22 CEST.
Flavor | Version | Tinstall | Tcheck | Ttotal | Status | Flags |
---|---|---|---|---|---|---|
r-devel-linux-x86_64-debian-clang | 0.3.13 | 66.67 | 57.11 | 123.78 | OK | |
r-devel-linux-x86_64-debian-gcc | 0.3.13 | 52.46 | 42.23 | 94.69 | OK | |
r-devel-linux-x86_64-fedora-clang | 0.3.13 | 229.28 | OK | |||
r-devel-linux-x86_64-fedora-gcc | 0.3.13 | 254.59 | OK | |||
r-devel-windows-x86_64 | 0.3.13 | 80.00 | 102.00 | 182.00 | OK | |
r-patched-linux-x86_64 | 0.3.13 | 75.53 | 53.68 | 129.21 | OK | |
r-release-linux-x86_64 | 0.3.13 | 74.80 | 54.58 | 129.38 | OK | |
r-release-macos-arm64 | 0.3.13 | 90.00 | OK | |||
r-release-macos-x86_64 | 0.3.13 | 128.00 | OK | |||
r-release-windows-x86_64 | 0.3.13 | 83.00 | 101.00 | 184.00 | OK | |
r-oldrel-macos-arm64 | 0.3.13 | 73.00 | NOTE | |||
r-oldrel-macos-x86_64 | 0.3.13 | 121.00 | NOTE | |||
r-oldrel-windows-x86_64 | 0.3.13 | 97.00 | 124.00 | 221.00 | OK |
Version: 0.3.13
Check: package dependencies
Result: NOTE
Package suggested but not available for checking: ‘RTCGA.rnaseq’
Flavor: r-oldrel-macos-arm64
Version: 0.3.13
Check: installed package size
Result: NOTE
installed size is 10.1Mb
sub-directories of 1Mb or more:
libs 9.7Mb
Flavors: r-oldrel-macos-arm64, r-oldrel-macos-x86_64
These binaries (installable software) and packages are in development.
They may not be fully stable and should be used with caution. We make no claims about them.