CRAN Package Check Results for Package FSelectorRcpp

Last updated on 2025-05-08 04:52:05 CEST.

Flavor Version Tinstall Tcheck Ttotal Status Flags
r-devel-linux-x86_64-debian-clang 0.3.13 68.12 57.17 125.29 OK
r-devel-linux-x86_64-debian-gcc 0.3.13 51.96 42.02 93.98 OK
r-devel-linux-x86_64-fedora-clang 0.3.13 252.59 OK
r-devel-linux-x86_64-fedora-gcc 0.3.13 278.67 OK
r-devel-windows-x86_64 0.3.13 86.00 105.00 191.00 OK
r-patched-linux-x86_64 0.3.13 71.80 53.46 125.26 OK
r-release-linux-x86_64 0.3.13 69.31 53.40 122.71 OK
r-release-macos-arm64 0.3.13 90.00 OK
r-release-macos-x86_64 0.3.13 128.00 OK
r-release-windows-x86_64 0.3.13 81.00 104.00 185.00 OK
r-oldrel-macos-arm64 0.3.13 73.00 NOTE
r-oldrel-macos-x86_64 0.3.13 121.00 NOTE
r-oldrel-windows-x86_64 0.3.13 93.00 125.00 218.00 OK

Check Details

Version: 0.3.13
Check: package dependencies
Result: NOTE Package suggested but not available for checking: ‘RTCGA.rnaseq’ Flavor: r-oldrel-macos-arm64

Version: 0.3.13
Check: installed package size
Result: NOTE installed size is 10.1Mb sub-directories of 1Mb or more: libs 9.7Mb Flavors: r-oldrel-macos-arm64, r-oldrel-macos-x86_64

These binaries (installable software) and packages are in development.
They may not be fully stable and should be used with caution. We make no claims about them.