Last updated on 2025-05-01 17:56:02 CEST.
Flavor | Version | Tinstall | Tcheck | Ttotal | Status | Flags |
---|---|---|---|---|---|---|
r-devel-linux-x86_64-debian-clang | 0.9.3 | 27.12 | 106.14 | 133.26 | NOTE | |
r-devel-linux-x86_64-debian-gcc | 0.9.3 | 13.43 | 67.72 | 81.15 | NOTE | |
r-devel-linux-x86_64-fedora-clang | 0.9.3 | 212.57 | OK | |||
r-devel-linux-x86_64-fedora-gcc | 0.9.3 | 197.88 | OK | |||
r-devel-windows-x86_64 | 0.9.3 | 28.00 | 106.00 | 134.00 | OK | |
r-patched-linux-x86_64 | 0.9.3 | 24.61 | 98.59 | 123.20 | OK | |
r-release-linux-x86_64 | OK | |||||
r-release-macos-arm64 | 0.9.3 | 59.00 | OK | |||
r-release-macos-x86_64 | 0.9.3 | 134.00 | OK | |||
r-release-windows-x86_64 | 0.9.3 | 28.00 | 106.00 | 134.00 | OK | |
r-oldrel-macos-arm64 | 0.9.3 | 49.00 | OK | |||
r-oldrel-macos-x86_64 | 0.9.3 | 77.00 | OK | |||
r-oldrel-windows-x86_64 | 0.9.3 | 34.00 | 133.00 | 167.00 | OK |
Version: 0.9.3
Check: CRAN incoming feasibility
Result: NOTE
Maintainer: ‘Aristidis K. Nikoloulopoulos <a.nikoloulopoulos@uea.ac.uk>’
The Description field contains
(2022) <arXiv:2201.00339>.
Please refer to arXiv e-prints via their arXiv DOI <doi:10.48550/arXiv.YYMM.NNNNN>.
Flavors: r-devel-linux-x86_64-debian-clang, r-devel-linux-x86_64-debian-gcc
These binaries (installable software) and packages are in development.
They may not be fully stable and should be used with caution. We make no claims about them.