Last updated on 2025-11-13 21:49:56 CET.
| Flavor | Version | Tinstall | Tcheck | Ttotal | Status | Flags |
|---|---|---|---|---|---|---|
| r-devel-linux-x86_64-debian-clang | 2.2.1 | 5.25 | 37.04 | 42.29 | NOTE | |
| r-devel-linux-x86_64-debian-gcc | 2.2.1 | 3.35 | 27.79 | 31.14 | NOTE | |
| r-devel-linux-x86_64-fedora-clang | 2.2.1 | 11.00 | 53.34 | 64.34 | NOTE | |
| r-devel-linux-x86_64-fedora-gcc | 2.2.1 | 59.96 | NOTE | |||
| r-devel-windows-x86_64 | 2.2.1 | 7.00 | 52.00 | 59.00 | OK | |
| r-patched-linux-x86_64 | 2.2.1 | 4.12 | 34.49 | 38.61 | OK | |
| r-release-linux-x86_64 | 2.2.1 | 5.00 | 34.53 | 39.53 | OK | |
| r-release-macos-arm64 | 2.2.1 | 2.00 | 20.00 | 22.00 | OK | |
| r-release-macos-x86_64 | 2.2.1 | 5.00 | 34.00 | 39.00 | OK | |
| r-release-windows-x86_64 | 2.2.1 | 8.00 | 49.00 | 57.00 | OK | |
| r-oldrel-macos-arm64 | 2.2.1 | 2.00 | 20.00 | 22.00 | OK | |
| r-oldrel-macos-x86_64 | 2.2.1 | 3.00 | 30.00 | 33.00 | OK | |
| r-oldrel-windows-x86_64 | 2.2.1 | 8.00 | 61.00 | 69.00 | OK |
Version: 2.2.1
Check: CRAN incoming feasibility
Result: NOTE
Maintainer: ‘Carlos Santos-Mangudo <carlossantos.csm@gmail.com>’
No Authors@R field in DESCRIPTION.
Please add one, modifying
Authors@R: person(given = "Carlos",
family = "Santos-Mangudo",
role = c("aut", "cre"),
email = "carlossantos.csm@gmail.com")
as necessary.
Flavors: r-devel-linux-x86_64-debian-clang, r-devel-linux-x86_64-debian-gcc
Version: 2.2.1
Check: dependencies in R code
Result: NOTE
Namespaces in Imports field not imported from:
‘base’ ‘data.table’
All declared Imports should be used.
Flavors: r-devel-linux-x86_64-fedora-clang, r-devel-linux-x86_64-fedora-gcc
These binaries (installable software) and packages are in development.
They may not be fully stable and should be used with caution. We make no claims about them.