CRAN Package Check Results for Package FairMclus

Last updated on 2025-07-02 03:50:40 CEST.

Flavor Version Tinstall Tcheck Ttotal Status Flags
r-devel-linux-x86_64-debian-clang 2.2.1 5.23 36.39 41.62 NOTE
r-devel-linux-x86_64-debian-gcc 2.2.1 3.83 26.96 30.79 NOTE
r-devel-linux-x86_64-fedora-clang 2.2.1 66.30 NOTE
r-devel-linux-x86_64-fedora-gcc 2.2.1 60.10 NOTE
r-devel-windows-x86_64 2.2.1 7.00 51.00 58.00 OK
r-patched-linux-x86_64 OK
r-release-linux-x86_64 2.2.1 5.14 33.25 38.39 OK
r-release-macos-arm64 2.2.1 22.00 OK
r-release-macos-x86_64 2.2.1 39.00 OK
r-release-windows-x86_64 2.2.1 7.00 51.00 58.00 OK
r-oldrel-macos-arm64 2.2.1 22.00 OK
r-oldrel-macos-x86_64 2.2.1 33.00 OK
r-oldrel-windows-x86_64 2.2.1 8.00 60.00 68.00 OK

Check Details

Version: 2.2.1
Check: CRAN incoming feasibility
Result: NOTE Maintainer: ‘Carlos Santos-Mangudo <carlossantos.csm@gmail.com>’ No Authors@R field in DESCRIPTION. Please add one, modifying Authors@R: person(given = "Carlos", family = "Santos-Mangudo", role = c("aut", "cre"), email = "carlossantos.csm@gmail.com") as necessary. Flavors: r-devel-linux-x86_64-debian-clang, r-devel-linux-x86_64-debian-gcc

Version: 2.2.1
Check: dependencies in R code
Result: NOTE Namespaces in Imports field not imported from: ‘base’ ‘data.table’ All declared Imports should be used. Flavors: r-devel-linux-x86_64-fedora-clang, r-devel-linux-x86_64-fedora-gcc

These binaries (installable software) and packages are in development.
They may not be fully stable and should be used with caution. We make no claims about them.