CRAN Package Check Results for Package FarmTest

Last updated on 2025-07-26 01:50:49 CEST.

Flavor Version Tinstall Tcheck Ttotal Status Flags
r-devel-linux-x86_64-debian-clang 2.2.0 33.31 32.29 65.60 NOTE
r-devel-linux-x86_64-debian-gcc 2.2.0 25.39 28.28 53.67 NOTE
r-devel-linux-x86_64-fedora-clang 2.2.0 118.58 NOTE
r-devel-linux-x86_64-fedora-gcc 2.2.0 130.76 NOTE
r-devel-windows-x86_64 2.2.0 37.00 88.00 125.00 NOTE
r-patched-linux-x86_64 2.2.0 36.33 30.61 66.94 NOTE
r-release-linux-x86_64 2.2.0 33.26 30.41 63.67 NOTE
r-release-macos-arm64 2.2.0 34.00 NOTE
r-release-macos-x86_64 2.2.0 55.00 NOTE
r-release-windows-x86_64 2.2.0 37.00 96.00 133.00 NOTE
r-oldrel-macos-arm64 2.2.0 33.00 NOTE
r-oldrel-macos-x86_64 2.2.0 53.00 NOTE
r-oldrel-windows-x86_64 2.2.0 45.00 86.00 131.00 NOTE

Check Details

Version: 2.2.0
Check: C++ specification
Result: NOTE Specified C++11: please drop specification unless essential Flavors: r-devel-linux-x86_64-debian-clang, r-devel-linux-x86_64-debian-gcc, r-devel-linux-x86_64-fedora-clang, r-devel-linux-x86_64-fedora-gcc, r-devel-windows-x86_64, r-patched-linux-x86_64, r-release-linux-x86_64, r-release-macos-arm64, r-release-macos-x86_64, r-release-windows-x86_64, r-oldrel-macos-arm64, r-oldrel-macos-x86_64, r-oldrel-windows-x86_64

These binaries (installable software) and packages are in development.
They may not be fully stable and should be used with caution. We make no claims about them.