Last updated on 2025-11-14 09:50:02 CET.
| Flavor | Version | Tinstall | Tcheck | Ttotal | Status | Flags |
|---|---|---|---|---|---|---|
| r-devel-linux-x86_64-debian-clang | 0.0.4 | 5.02 | 36.50 | 41.52 | NOTE | |
| r-devel-linux-x86_64-debian-gcc | 0.0.4 | 3.05 | 27.24 | 30.29 | NOTE | |
| r-devel-linux-x86_64-fedora-clang | 0.0.4 | 21.00 | 46.03 | 67.03 | OK | |
| r-devel-linux-x86_64-fedora-gcc | 0.0.4 | 21.00 | 42.63 | 63.63 | OK | |
| r-devel-windows-x86_64 | 0.0.4 | 7.00 | 66.00 | 73.00 | NOTE | |
| r-patched-linux-x86_64 | 0.0.4 | 4.78 | 34.87 | 39.65 | OK | |
| r-release-linux-x86_64 | 0.0.4 | 4.00 | 34.71 | 38.71 | OK | |
| r-release-macos-arm64 | 0.0.4 | 2.00 | 35.00 | 37.00 | OK | |
| r-release-macos-x86_64 | 0.0.4 | 3.00 | 40.00 | 43.00 | OK | |
| r-release-windows-x86_64 | 0.0.4 | 6.00 | 61.00 | 67.00 | OK | |
| r-oldrel-macos-arm64 | 0.0.4 | 2.00 | 33.00 | 35.00 | OK | |
| r-oldrel-macos-x86_64 | 0.0.4 | 3.00 | 38.00 | 41.00 | OK | |
| r-oldrel-windows-x86_64 | 0.0.4 | 5.00 | 67.00 | 72.00 | OK |
Version: 0.0.4
Check: Rd files
Result: NOTE
checkRd: (-1) fastCUB_package.Rd:11-17: Only 2 columns allowed in this table (row 5 has 1)
Flavors: r-devel-linux-x86_64-debian-clang, r-devel-linux-x86_64-debian-gcc, r-devel-windows-x86_64
These binaries (installable software) and packages are in development.
They may not be fully stable and should be used with caution. We make no claims about them.