CRAN Package Check Results for Package FastGP

Last updated on 2025-02-16 10:50:45 CET.

Flavor Version Tinstall Tcheck Ttotal Status Flags
r-devel-linux-x86_64-debian-clang 1.2 32.10 24.27 56.37 OK
r-devel-linux-x86_64-debian-gcc 1.2 22.80 21.31 44.11 OK
r-devel-linux-x86_64-fedora-clang 1.2 101.30 NOTE
r-devel-linux-x86_64-fedora-gcc 1.2 105.29 NOTE
r-devel-macos-arm64 1.2 29.00 OK
r-devel-macos-x86_64 1.2 44.00 OK
r-devel-windows-x86_64 1.2 31.00 67.00 98.00 OK
r-patched-linux-x86_64 1.2 27.88 24.90 52.78 OK
r-release-linux-x86_64 1.2 29.24 25.11 54.35 OK
r-release-macos-arm64 1.2 34.00 NOTE
r-release-macos-x86_64 1.2 43.00 NOTE
r-release-windows-x86_64 1.2 32.00 60.00 92.00 OK
r-oldrel-macos-arm64 1.2 35.00 NOTE
r-oldrel-macos-x86_64 1.2 50.00 NOTE
r-oldrel-windows-x86_64 1.2 39.00 69.00 108.00 OK

Check Details

Version: 1.2
Check: compiled code
Result: NOTE File ‘FastGP/libs/FastGP.so’: Found no calls to: ‘R_registerRoutines’, ‘R_useDynamicSymbols’ It is good practice to register native routines and to disable symbol search. See ‘Writing portable packages’ in the ‘Writing R Extensions’ manual. Flavors: r-devel-linux-x86_64-fedora-clang, r-devel-linux-x86_64-fedora-gcc

Version: 1.2
Check: installed package size
Result: NOTE installed size is 7.9Mb sub-directories of 1Mb or more: libs 7.5Mb Flavors: r-release-macos-arm64, r-release-macos-x86_64, r-oldrel-macos-arm64, r-oldrel-macos-x86_64

These binaries (installable software) and packages are in development.
They may not be fully stable and should be used with caution. We make no claims about them.