Last updated on 2025-10-03 11:50:43 CEST.
Flavor | Version | Tinstall | Tcheck | Ttotal | Status | Flags |
---|---|---|---|---|---|---|
r-devel-linux-x86_64-debian-clang | 0.6.2 | 75.90 | 63.55 | 139.45 | OK | |
r-devel-linux-x86_64-debian-gcc | 0.6.2 | 68.67 | 47.59 | 116.26 | OK | |
r-devel-linux-x86_64-fedora-clang | 0.6.2 | 210.52 | OK | |||
r-devel-linux-x86_64-fedora-gcc | 0.6.2 | 271.01 | OK | |||
r-devel-windows-x86_64 | 0.6.2 | 83.00 | 110.00 | 193.00 | OK | |
r-patched-linux-x86_64 | 0.6.2 | 96.35 | 65.57 | 161.92 | OK | |
r-release-linux-x86_64 | 0.6.2 | 91.61 | 66.16 | 157.77 | OK | |
r-release-macos-arm64 | 0.6.2 | 61.00 | OK | |||
r-release-macos-x86_64 | 0.6.2 | 128.00 | OK | |||
r-release-windows-x86_64 | 0.6.2 | 83.00 | 108.00 | 191.00 | OK | |
r-oldrel-macos-arm64 | 0.6.2 | 110.00 | NOTE | |||
r-oldrel-macos-x86_64 | 0.6.2 | 134.00 | NOTE | |||
r-oldrel-windows-x86_64 | 0.6.2 | 98.00 | 135.00 | 233.00 | OK |
Version: 0.6.2
Check: installed package size
Result: NOTE
installed size is 45.4Mb
sub-directories of 1Mb or more:
libs 44.9Mb
Flavors: r-oldrel-macos-arm64, r-oldrel-macos-x86_64
These binaries (installable software) and packages are in development.
They may not be fully stable and should be used with caution. We make no claims about them.