Last updated on 2025-02-16 10:50:45 CET.
Flavor | Version | Tinstall | Tcheck | Ttotal | Status | Flags |
---|---|---|---|---|---|---|
r-devel-linux-x86_64-debian-clang | 0.6.0 | 73.29 | 56.05 | 129.34 | OK | |
r-devel-linux-x86_64-debian-gcc | 0.6.0 | 70.15 | 45.44 | 115.59 | OK | |
r-devel-linux-x86_64-fedora-clang | 0.6.0 | 216.56 | OK | |||
r-devel-linux-x86_64-fedora-gcc | 0.6.0 | 266.74 | OK | |||
r-devel-macos-arm64 | 0.6.0 | 60.00 | OK | |||
r-devel-macos-x86_64 | 0.6.0 | 130.00 | OK | |||
r-devel-windows-x86_64 | 0.6.0 | 74.00 | 103.00 | 177.00 | OK | |
r-patched-linux-x86_64 | 0.6.0 | 90.23 | 59.05 | 149.28 | OK | |
r-release-linux-x86_64 | 0.6.0 | 93.08 | 57.89 | 150.97 | OK | |
r-release-macos-arm64 | 0.6.0 | 70.00 | NOTE | |||
r-release-macos-x86_64 | 0.6.0 | 127.00 | NOTE | |||
r-release-windows-x86_64 | 0.6.0 | 78.00 | 102.00 | 180.00 | OK | |
r-oldrel-macos-arm64 | 0.5.3 | 55.00 | NOTE | |||
r-oldrel-macos-x86_64 | 0.6.0 | 213.00 | NOTE | |||
r-oldrel-windows-x86_64 | 0.6.0 | 70.00 | 143.00 | 213.00 | OK |
Version: 0.6.0
Check: installed package size
Result: NOTE
installed size is 45.4Mb
sub-directories of 1Mb or more:
libs 44.8Mb
Flavors: r-release-macos-arm64, r-release-macos-x86_64, r-oldrel-macos-x86_64
Version: 0.5.3
Check: installed package size
Result: NOTE
installed size is 14.9Mb
sub-directories of 1Mb or more:
libs 14.6Mb
Flavor: r-oldrel-macos-arm64
These binaries (installable software) and packages are in development.
They may not be fully stable and should be used with caution. We make no claims about them.