Last updated on 2025-05-01 10:50:09 CEST.
Flavor | Version | Tinstall | Tcheck | Ttotal | Status | Flags |
---|---|---|---|---|---|---|
r-devel-linux-x86_64-debian-clang | 0.6.0 | 77.34 | 57.61 | 134.95 | NOTE | |
r-devel-linux-x86_64-debian-gcc | 0.6.0 | 70.84 | 45.62 | 116.46 | OK | |
r-devel-linux-x86_64-fedora-clang | 0.6.0 | 208.26 | OK | |||
r-devel-linux-x86_64-fedora-gcc | 0.6.0 | 258.96 | OK | |||
r-devel-windows-x86_64 | 0.6.0 | 79.00 | 111.00 | 190.00 | OK | |
r-patched-linux-x86_64 | 0.6.0 | 96.08 | 59.70 | 155.78 | OK | |
r-release-linux-x86_64 | OK | |||||
r-release-macos-arm64 | 0.6.0 | 61.00 | OK | |||
r-release-macos-x86_64 | 0.6.0 | 132.00 | OK | |||
r-release-windows-x86_64 | 0.6.0 | 78.00 | 118.00 | 196.00 | OK | |
r-oldrel-macos-arm64 | 0.6.0 | 70.00 | NOTE | |||
r-oldrel-macos-x86_64 | 0.6.0 | 127.00 | NOTE | |||
r-oldrel-windows-x86_64 | 0.6.0 | 89.00 | 124.00 | 213.00 | OK |
Version: 0.6.0
Check: examples
Result: NOTE
Examples with CPU (user + system) or elapsed time > 5s
user system elapsed
fit.particle.data 9.267 0 12.388
Flavor: r-devel-linux-x86_64-debian-clang
Version: 0.6.0
Check: examples
Result: NA
user system elapsed
fit.particle.data 3.999 0.04 5.088
OK
Flavor: r-devel-linux-x86_64-debian-gcc
Version: 0.6.0
Check: installed package size
Result: NOTE
installed size is 45.4Mb
sub-directories of 1Mb or more:
libs 44.8Mb
Flavors: r-oldrel-macos-arm64, r-oldrel-macos-x86_64
These binaries (installable software) and packages are in development.
They may not be fully stable and should be used with caution. We make no claims about them.