CRAN Package Check Results for Package FastImputation

Last updated on 2025-05-08 04:52:04 CEST.

Flavor Version Tinstall Tcheck Ttotal Status Flags
r-devel-linux-x86_64-debian-clang 2.2.1 2.29 34.37 36.66 NOTE
r-devel-linux-x86_64-debian-gcc 2.2.1 1.55 25.96 27.51 NOTE
r-devel-linux-x86_64-fedora-clang 2.2.1 56.62 OK
r-devel-linux-x86_64-fedora-gcc 2.2.1 53.18 OK
r-devel-windows-x86_64 2.2.1 3.00 53.00 56.00 OK
r-patched-linux-x86_64 2.2.1 1.94 32.16 34.10 OK
r-release-linux-x86_64 2.2.1 2.07 32.05 34.12 OK
r-release-macos-arm64 2.2.1 24.00 OK
r-release-macos-x86_64 2.2.1 46.00 OK
r-release-windows-x86_64 2.2.1 3.00 52.00 55.00 OK
r-oldrel-macos-arm64 2.2.1 20.00 OK
r-oldrel-macos-x86_64 2.2.1 29.00 OK
r-oldrel-windows-x86_64 2.2.1 4.00 61.00 65.00 OK

Check Details

Version: 2.2.1
Check: CRAN incoming feasibility
Result: NOTE Maintainer: ‘Stephen R. Haptonstahl <srh@haptonstahl.org>’ No Authors@R field in DESCRIPTION. Please add one, modifying Authors@R: person(given = c("Stephen", "R."), family = "Haptonstahl", role = c("aut", "cre"), email = "srh@haptonstahl.org") as necessary. Flavors: r-devel-linux-x86_64-debian-clang, r-devel-linux-x86_64-debian-gcc

These binaries (installable software) and packages are in development.
They may not be fully stable and should be used with caution. We make no claims about them.