Last updated on 2025-11-13 01:50:20 CET.
| Flavor | Version | Tinstall | Tcheck | Ttotal | Status | Flags |
|---|---|---|---|---|---|---|
| r-devel-linux-x86_64-debian-clang | 1.5.3 | 660.50 | 124.67 | 785.17 | OK | |
| r-devel-linux-x86_64-debian-gcc | 1.5.3 | 453.36 | 139.47 | 592.83 | OK | |
| r-devel-linux-x86_64-fedora-clang | 1.5.3 | 720.00 | 651.55 | 1371.55 | OK | |
| r-devel-linux-x86_64-fedora-gcc | 1.5.3 | 960.00 | 586.19 | 1546.19 | OK | |
| r-devel-windows-x86_64 | 1.5.3 | 507.00 | 213.00 | 720.00 | OK | |
| r-patched-linux-x86_64 | 1.5.3 | 675.76 | 192.07 | 867.83 | OK | |
| r-release-linux-x86_64 | 1.5.2 | 672.26 | 191.41 | 863.67 | OK | |
| r-release-macos-arm64 | 1.5.3 | 188.00 | 32.00 | 220.00 | OK | |
| r-release-macos-x86_64 | 1.5.3 | 183.00 | 76.00 | 259.00 | OK | |
| r-release-windows-x86_64 | 1.5.3 | 494.00 | 210.00 | 704.00 | OK | |
| r-oldrel-macos-arm64 | 1.5.3 | 186.00 | 37.00 | 223.00 | NOTE | |
| r-oldrel-macos-x86_64 | 1.5.3 | 230.00 | 83.00 | 313.00 | NOTE | |
| r-oldrel-windows-x86_64 | 1.5.3 | 438.00 | 220.00 | 658.00 | OK |
Version: 1.5.3
Check: installed package size
Result: NOTE
installed size is 83.8Mb
sub-directories of 1Mb or more:
libs 83.1Mb
Flavors: r-oldrel-macos-arm64, r-oldrel-macos-x86_64
These binaries (installable software) and packages are in development.
They may not be fully stable and should be used with caution. We make no claims about them.