Last updated on 2025-02-16 10:50:45 CET.
Flavor | Version | Tinstall | Tcheck | Ttotal | Status | Flags |
---|---|---|---|---|---|---|
r-devel-linux-x86_64-debian-clang | 1.4.2 | 438.18 | 105.39 | 543.57 | OK | |
r-devel-linux-x86_64-debian-gcc | 1.4.2 | 350.56 | 114.72 | 465.28 | OK | |
r-devel-linux-x86_64-fedora-clang | 1.4.2 | 945.84 | OK | |||
r-devel-linux-x86_64-fedora-gcc | 1.4.2 | 1185.37 | OK | |||
r-devel-macos-arm64 | 1.4.2 | 235.00 | OK | |||
r-devel-macos-x86_64 | 1.4.2 | 222.00 | OK | |||
r-devel-windows-x86_64 | 1.4.2 | 397.00 | 175.00 | 572.00 | OK | |
r-patched-linux-x86_64 | 1.4.2 | 467.69 | 147.08 | 614.77 | OK | |
r-release-linux-x86_64 | 1.4.2 | 464.67 | 148.55 | 613.22 | OK | |
r-release-macos-arm64 | 1.4.2 | 222.00 | NOTE | |||
r-release-macos-x86_64 | 1.4.2 | 190.00 | NOTE | |||
r-release-windows-x86_64 | 1.4.2 | 406.00 | 170.00 | 576.00 | OK | |
r-oldrel-macos-arm64 | 1.4.2 | 232.00 | NOTE | |||
r-oldrel-macos-x86_64 | 1.4.2 | 246.00 | NOTE | |||
r-oldrel-windows-x86_64 | 1.4.2 | 514.00 | 205.00 | 719.00 | OK |
Version: 1.4.2
Check: installed package size
Result: NOTE
installed size is 50.2Mb
sub-directories of 1Mb or more:
libs 49.8Mb
Flavors: r-release-macos-arm64, r-release-macos-x86_64, r-oldrel-macos-arm64, r-oldrel-macos-x86_64
These binaries (installable software) and packages are in development.
They may not be fully stable and should be used with caution. We make no claims about them.