CRAN Package Check Results for Package FastKM

Last updated on 2025-07-26 01:50:49 CEST.

Flavor Version Tinstall Tcheck Ttotal Status Flags
r-devel-linux-x86_64-debian-clang 1.2 7.17 57.48 64.65 OK
r-devel-linux-x86_64-debian-gcc 1.2 5.10 43.50 48.60 OK
r-devel-linux-x86_64-fedora-clang 1.2 104.49 OK
r-devel-linux-x86_64-fedora-gcc 1.2 100.11 OK
r-devel-windows-x86_64 1.2 9.00 80.00 89.00 OK
r-patched-linux-x86_64 1.2 6.69 54.39 61.08 OK
r-release-linux-x86_64 1.2 6.89 54.68 61.57 OK
r-release-macos-arm64 1.2 31.00 OK
r-release-macos-x86_64 1.2 56.00 OK
r-release-windows-x86_64 1.2 7.00 85.00 92.00 OK
r-oldrel-macos-arm64 1.2 39.00 NOTE
r-oldrel-macos-x86_64 1.2 65.00 NOTE
r-oldrel-windows-x86_64 1.2 9.00 86.00 95.00 NOTE

Check Details

Version: 1.2
Check: package dependencies
Result: NOTE Package suggested but not available for checking: ‘coxKM’ Flavors: r-oldrel-macos-arm64, r-oldrel-macos-x86_64, r-oldrel-windows-x86_64

These binaries (installable software) and packages are in development.
They may not be fully stable and should be used with caution. We make no claims about them.