CRAN Package Check Results for Package FastKNN

Last updated on 2025-05-01 12:49:27 CEST.

Flavor Version Tinstall Tcheck Ttotal Status Flags
r-devel-linux-x86_64-debian-clang 0.0.1 1.61 18.52 20.13 NOTE
r-devel-linux-x86_64-debian-gcc 0.0.1 1.31 15.62 16.93 NOTE
r-devel-linux-x86_64-fedora-clang 0.0.1 33.34 OK
r-devel-linux-x86_64-fedora-gcc 0.0.1 31.15 OK
r-devel-windows-x86_64 0.0.1 3.00 43.00 46.00 OK
r-patched-linux-x86_64 0.0.1 1.61 18.04 19.65 OK
r-release-linux-x86_64 OK
r-release-macos-arm64 0.0.1 16.00 OK
r-release-macos-x86_64 0.0.1 26.00 OK
r-release-windows-x86_64 0.0.1 3.00 52.00 55.00 OK
r-oldrel-macos-arm64 0.0.1 16.00 OK
r-oldrel-macos-x86_64 0.0.1 24.00 OK
r-oldrel-windows-x86_64 0.0.1 4.00 41.00 45.00 OK

Check Details

Version: 0.0.1
Check: CRAN incoming feasibility
Result: NOTE Maintainer: ‘Gaston Besanson <besanson@gmail.com>’ No Authors@R field in DESCRIPTION. Please add one, modifying Authors@R: person(given = "Gaston", family = "Besanson", role = c("aut", "cre"), email = "besanson@gmail.com") as necessary. Flavors: r-devel-linux-x86_64-debian-clang, r-devel-linux-x86_64-debian-gcc

These binaries (installable software) and packages are in development.
They may not be fully stable and should be used with caution. We make no claims about them.