CRAN Package Check Results for Package FastKNN

Last updated on 2025-11-12 19:51:48 CET.

Flavor Version Tinstall Tcheck Ttotal Status Flags
r-devel-linux-x86_64-debian-clang 0.0.1 1.66 20.21 21.87 NOTE
r-devel-linux-x86_64-debian-gcc 0.0.1 1.33 17.51 18.84 NOTE
r-devel-linux-x86_64-fedora-clang 0.0.1 32.19 OK
r-devel-linux-x86_64-fedora-gcc 0.0.1 31.05 OK
r-devel-windows-x86_64 0.0.1 3.00 39.00 42.00 OK
r-patched-linux-x86_64 0.0.1 1.72 19.27 20.99 OK
r-release-linux-x86_64 0.0.1 1.66 19.31 20.97 OK
r-release-macos-arm64 0.0.1 1.00 15.00 16.00 OK
r-release-macos-x86_64 0.0.1 2.00 24.00 26.00 OK
r-release-windows-x86_64 0.0.1 2.00 38.00 40.00 OK
r-oldrel-macos-arm64 0.0.1 1.00 15.00 16.00 OK
r-oldrel-macos-x86_64 0.0.1 2.00 22.00 24.00 OK
r-oldrel-windows-x86_64 0.0.1 2.00 43.00 45.00 OK

Check Details

Version: 0.0.1
Check: CRAN incoming feasibility
Result: NOTE Maintainer: ‘Gaston Besanson <besanson@gmail.com>’ No Authors@R field in DESCRIPTION. Please add one, modifying Authors@R: person(given = "Gaston", family = "Besanson", role = c("aut", "cre"), email = "besanson@gmail.com") as necessary. Flavors: r-devel-linux-x86_64-debian-clang, r-devel-linux-x86_64-debian-gcc

These binaries (installable software) and packages are in development.
They may not be fully stable and should be used with caution. We make no claims about them.