Last updated on 2025-11-13 03:51:01 CET.
| Flavor | Version | Tinstall | Tcheck | Ttotal | Status | Flags |
|---|---|---|---|---|---|---|
| r-devel-linux-x86_64-debian-clang | 0.1.4 | 23.50 | 21.08 | 44.58 | OK | |
| r-devel-linux-x86_64-debian-gcc | 0.1.4 | 17.95 | 19.88 | 37.83 | OK | |
| r-devel-linux-x86_64-fedora-clang | 0.1.4 | 44.00 | 23.17 | 67.17 | OK | |
| r-devel-linux-x86_64-fedora-gcc | 0.1.4 | 63.00 | 11.86 | 74.86 | OK | |
| r-devel-windows-x86_64 | 0.1.4 | 26.00 | 46.00 | 72.00 | OK | |
| r-patched-linux-x86_64 | 0.1.4 | 23.17 | 22.71 | 45.88 | OK | |
| r-release-linux-x86_64 | 0.1.4 | 24.65 | 22.75 | 47.40 | OK | |
| r-release-macos-arm64 | 0.1.4 | 10.00 | 14.00 | 24.00 | OK | |
| r-release-macos-x86_64 | 0.1.4 | 25.00 | 25.00 | 50.00 | OK | |
| r-release-windows-x86_64 | 0.1.4 | 24.00 | 43.00 | 67.00 | OK | |
| r-oldrel-macos-arm64 | 0.1.4 | 10.00 | 15.00 | 25.00 | NOTE | |
| r-oldrel-macos-x86_64 | 0.1.4 | 25.00 | 22.00 | 47.00 | NOTE | |
| r-oldrel-windows-x86_64 | 0.1.4 | 30.00 | 50.00 | 80.00 | OK |
Version: 0.1.4
Check: installed package size
Result: NOTE
installed size is 11.2Mb
sub-directories of 1Mb or more:
libs 11.1Mb
Flavors: r-oldrel-macos-arm64, r-oldrel-macos-x86_64
These binaries (installable software) and packages are in development.
They may not be fully stable and should be used with caution. We make no claims about them.