Last updated on 2025-05-02 08:49:26 CEST.
Flavor | Version | Tinstall | Tcheck | Ttotal | Status | Flags |
---|---|---|---|---|---|---|
r-devel-linux-x86_64-debian-clang | 0.0.9 | 28.05 | 21.18 | 49.23 | OK | |
r-devel-linux-x86_64-debian-gcc | 0.0.9 | 21.27 | 19.60 | 40.87 | OK | |
r-devel-linux-x86_64-fedora-clang | 0.0.9 | 77.37 | OK | |||
r-devel-linux-x86_64-fedora-gcc | 0.0.9 | 86.15 | OK | |||
r-devel-windows-x86_64 | 0.0.9 | 29.00 | 52.00 | 81.00 | OK | |
r-patched-linux-x86_64 | 0.0.9 | 26.71 | 23.32 | 50.03 | OK | |
r-release-linux-x86_64 | OK | |||||
r-release-macos-arm64 | 0.0.9 | 26.00 | OK | |||
r-release-macos-x86_64 | 0.0.9 | 55.00 | OK | |||
r-release-windows-x86_64 | 0.0.9 | 28.00 | 63.00 | 91.00 | OK | |
r-oldrel-macos-arm64 | 0.0.9 | 29.00 | NOTE | |||
r-oldrel-macos-x86_64 | 0.0.9 | 54.00 | NOTE | |||
r-oldrel-windows-x86_64 | 0.0.9 | 30.00 | 54.00 | 84.00 | OK |
Version: 0.0.9
Check: installed package size
Result: NOTE
installed size is 14.5Mb
sub-directories of 1Mb or more:
libs 14.4Mb
Flavors: r-oldrel-macos-arm64, r-oldrel-macos-x86_64
These binaries (installable software) and packages are in development.
They may not be fully stable and should be used with caution. We make no claims about them.