Last updated on 2025-02-23 01:51:39 CET.
Flavor | Version | Tinstall | Tcheck | Ttotal | Status | Flags |
---|---|---|---|---|---|---|
r-devel-linux-x86_64-debian-clang | 0.2.1 | 12.94 | 54.78 | 67.72 | OK | |
r-devel-linux-x86_64-debian-gcc | 0.2.1 | 9.58 | 39.27 | 48.85 | OK | |
r-devel-linux-x86_64-fedora-clang | 0.2.1 | 112.41 | NOTE | |||
r-devel-linux-x86_64-fedora-gcc | 0.2.1 | 118.68 | NOTE | |||
r-devel-macos-arm64 | 0.2.1 | 45.00 | OK | |||
r-devel-macos-x86_64 | 0.2.1 | 74.00 | OK | |||
r-devel-windows-x86_64 | 0.2.1 | 18.00 | 108.00 | 126.00 | OK | |
r-patched-linux-x86_64 | 0.2.1 | 13.10 | 49.57 | 62.67 | OK | |
r-release-linux-x86_64 | 0.2.1 | 11.61 | 50.26 | 61.87 | OK | |
r-release-macos-arm64 | 0.2.1 | 46.00 | OK | |||
r-release-macos-x86_64 | 0.2.1 | 145.00 | OK | |||
r-release-windows-x86_64 | 0.2.1 | 20.00 | 107.00 | 127.00 | OK | |
r-oldrel-macos-arm64 | 0.2.1 | 50.00 | OK | |||
r-oldrel-macos-x86_64 | 0.2.1 | 85.00 | OK | |||
r-oldrel-windows-x86_64 | 0.2.1 | 21.00 | 122.00 | 143.00 | OK |
Version: 0.2.1
Check: dependencies in R code
Result: NOTE
Namespace in Imports field not imported from: ‘lifecycle’
All declared Imports should be used.
Flavors: r-devel-linux-x86_64-fedora-clang, r-devel-linux-x86_64-fedora-gcc
These binaries (installable software) and packages are in development.
They may not be fully stable and should be used with caution. We make no claims about them.