Last updated on 2025-05-08 04:52:04 CEST.
Flavor | Version | Tinstall | Tcheck | Ttotal | Status | Flags |
---|---|---|---|---|---|---|
r-devel-linux-x86_64-debian-clang | 0.2.1 | 14.05 | 56.75 | 70.80 | OK | |
r-devel-linux-x86_64-debian-gcc | 0.2.1 | 8.87 | 41.50 | 50.37 | OK | |
r-devel-linux-x86_64-fedora-clang | 0.2.1 | 117.87 | NOTE | |||
r-devel-linux-x86_64-fedora-gcc | 0.2.1 | 123.77 | NOTE | |||
r-devel-windows-x86_64 | 0.2.1 | 18.00 | 106.00 | 124.00 | OK | |
r-patched-linux-x86_64 | 0.2.1 | 13.08 | 51.88 | 64.96 | OK | |
r-release-linux-x86_64 | 0.2.1 | 12.68 | 52.29 | 64.97 | OK | |
r-release-macos-arm64 | 0.2.1 | 43.00 | OK | |||
r-release-macos-x86_64 | 0.2.1 | 74.00 | OK | |||
r-release-windows-x86_64 | 0.2.1 | 21.00 | 106.00 | 127.00 | OK | |
r-oldrel-macos-arm64 | 0.2.1 | 46.00 | OK | |||
r-oldrel-macos-x86_64 | 0.2.1 | 145.00 | OK | |||
r-oldrel-windows-x86_64 | 0.2.1 | 23.00 | 129.00 | 152.00 | OK |
Version: 0.2.1
Check: dependencies in R code
Result: NOTE
Namespace in Imports field not imported from: ‘lifecycle’
All declared Imports should be used.
Flavors: r-devel-linux-x86_64-fedora-clang, r-devel-linux-x86_64-fedora-gcc
These binaries (installable software) and packages are in development.
They may not be fully stable and should be used with caution. We make no claims about them.