Last updated on 2025-07-02 01:51:36 CEST.
Flavor | Version | Tinstall | Tcheck | Ttotal | Status | Flags |
---|---|---|---|---|---|---|
r-devel-linux-x86_64-debian-clang | 0.2.1 | 14.10 | 56.81 | 70.91 | OK | |
r-devel-linux-x86_64-debian-gcc | 0.2.1 | 9.05 | 41.38 | 50.43 | OK | |
r-devel-linux-x86_64-fedora-clang | 0.2.1 | 118.39 | NOTE | |||
r-devel-linux-x86_64-fedora-gcc | 0.2.1 | 119.57 | NOTE | |||
r-devel-windows-x86_64 | 0.2.1 | 17.00 | 108.00 | 125.00 | OK | |
r-patched-linux-x86_64 | OK | |||||
r-release-linux-x86_64 | 0.2.1 | 11.82 | 53.26 | 65.08 | OK | |
r-release-macos-arm64 | 0.2.1 | 43.00 | OK | |||
r-release-macos-x86_64 | 0.2.1 | 74.00 | OK | |||
r-release-windows-x86_64 | 0.2.1 | 19.00 | 107.00 | 126.00 | OK | |
r-oldrel-macos-arm64 | 0.2.1 | 46.00 | OK | |||
r-oldrel-macos-x86_64 | 0.2.1 | 145.00 | OK | |||
r-oldrel-windows-x86_64 | 0.2.1 | 23.00 | 128.00 | 151.00 | OK |
Version: 0.2.1
Check: dependencies in R code
Result: NOTE
Namespace in Imports field not imported from: ‘lifecycle’
All declared Imports should be used.
Flavors: r-devel-linux-x86_64-fedora-clang, r-devel-linux-x86_64-fedora-gcc
These binaries (installable software) and packages are in development.
They may not be fully stable and should be used with caution. We make no claims about them.