Last updated on 2025-11-11 15:50:33 CET.
| Flavor | Version | Tinstall | Tcheck | Ttotal | Status | Flags |
|---|---|---|---|---|---|---|
| r-devel-linux-x86_64-debian-clang | 0.2.1 | 12.71 | 60.41 | 73.12 | OK | |
| r-devel-linux-x86_64-debian-gcc | 0.2.1 | 8.91 | 43.59 | 52.50 | OK | |
| r-devel-linux-x86_64-fedora-clang | 0.2.1 | 34.00 | 83.29 | 117.29 | NOTE | |
| r-devel-linux-x86_64-fedora-gcc | 0.2.1 | 23.00 | 98.42 | 121.42 | NOTE | |
| r-devel-windows-x86_64 | 0.2.1 | 17.00 | 109.00 | 126.00 | OK | |
| r-patched-linux-x86_64 | 0.2.1 | 13.24 | 55.60 | 68.84 | OK | |
| r-release-linux-x86_64 | 0.2.1 | 12.78 | 55.31 | 68.09 | OK | |
| r-release-macos-arm64 | 0.2.1 | 6.00 | 37.00 | 43.00 | OK | |
| r-release-macos-x86_64 | 0.2.1 | 10.00 | 64.00 | 74.00 | OK | |
| r-release-windows-x86_64 | 0.2.1 | 22.00 | 107.00 | 129.00 | OK | |
| r-oldrel-macos-arm64 | 0.2.1 | 7.00 | 39.00 | 46.00 | OK | |
| r-oldrel-macos-x86_64 | 0.2.1 | 20.00 | 125.00 | 145.00 | OK | |
| r-oldrel-windows-x86_64 | 0.2.1 | 24.00 | 137.00 | 161.00 | OK |
Version: 0.2.1
Check: dependencies in R code
Result: NOTE
Namespace in Imports field not imported from: ‘lifecycle’
All declared Imports should be used.
Flavors: r-devel-linux-x86_64-fedora-clang, r-devel-linux-x86_64-fedora-gcc
These binaries (installable software) and packages are in development.
They may not be fully stable and should be used with caution. We make no claims about them.