Last updated on 2025-07-04 21:50:06 CEST.
Flavor | Version | Tinstall | Tcheck | Ttotal | Status | Flags |
---|---|---|---|---|---|---|
r-devel-linux-x86_64-debian-clang | 0.2.2 | 11.10 | 168.22 | 179.32 | NOTE | |
r-devel-linux-x86_64-debian-gcc | 0.2.2 | 7.10 | 121.84 | 128.94 | NOTE | |
r-devel-linux-x86_64-fedora-clang | 0.2.2 | 263.29 | OK | |||
r-devel-linux-x86_64-fedora-gcc | 0.2.2 | 264.62 | OK | |||
r-devel-windows-x86_64 | 0.2.2 | 11.00 | 143.00 | 154.00 | OK | |
r-patched-linux-x86_64 | 0.2.2 | 9.41 | 160.17 | 169.58 | OK | |
r-release-linux-x86_64 | 0.2.2 | 9.06 | 157.16 | 166.22 | OK | |
r-release-macos-arm64 | 0.2.2 | 86.00 | OK | |||
r-release-macos-x86_64 | 0.2.2 | 181.00 | OK | |||
r-release-windows-x86_64 | 0.2.2 | 12.00 | 146.00 | 158.00 | OK | |
r-oldrel-macos-arm64 | 0.2.2 | 78.00 | OK | |||
r-oldrel-macos-x86_64 | 0.2.2 | 145.00 | OK | |||
r-oldrel-windows-x86_64 | 0.2.2 | 15.00 | 182.00 | 197.00 | OK |
Version: 0.2.2
Check: CRAN incoming feasibility
Result: NOTE
Maintainer: ‘Dominic Grün <dominic.gruen@gmail.com>’
No Authors@R field in DESCRIPTION.
Please add one, modifying
Authors@R: person(given = "Dominic",
family = "Grün",
role = c("aut", "cre"),
email = "dominic.gruen@gmail.com")
as necessary.
Flavors: r-devel-linux-x86_64-debian-clang, r-devel-linux-x86_64-debian-gcc
These binaries (installable software) and packages are in development.
They may not be fully stable and should be used with caution. We make no claims about them.