Last updated on 2025-02-16 10:50:45 CET.
Flavor | Version | Tinstall | Tcheck | Ttotal | Status | Flags |
---|---|---|---|---|---|---|
r-devel-linux-x86_64-debian-clang | 0.2.2 | 9.37 | 160.08 | 169.45 | OK | |
r-devel-linux-x86_64-debian-gcc | 0.2.2 | 7.27 | 117.74 | 125.01 | OK | |
r-devel-linux-x86_64-fedora-clang | 0.2.2 | 270.62 | OK | |||
r-devel-linux-x86_64-fedora-gcc | 0.2.2 | 278.90 | OK | |||
r-devel-macos-arm64 | 0.2.2 | 71.00 | OK | |||
r-devel-macos-x86_64 | 0.2.2 | 171.00 | OK | |||
r-devel-windows-x86_64 | 0.2.2 | 11.00 | 139.00 | 150.00 | OK | |
r-patched-linux-x86_64 | 0.2.2 | 9.19 | 151.93 | 161.12 | OK | |
r-release-linux-x86_64 | 0.2.2 | 8.84 | 150.01 | 158.85 | OK | |
r-release-macos-arm64 | 0.2.2 | 78.00 | OK | |||
r-release-macos-x86_64 | 0.2.2 | 145.00 | OK | |||
r-release-windows-x86_64 | 0.2.2 | 10.00 | 142.00 | 152.00 | OK | |
r-oldrel-macos-arm64 | 0.2.2 | 85.00 | OK | |||
r-oldrel-macos-x86_64 | 0.2.2 | 114.00 | NOTE | |||
r-oldrel-windows-x86_64 | 0.2.2 | 14.00 | 164.00 | 178.00 | OK |
Version: 0.2.2
Check: package dependencies
Result: NOTE
Package suggested but not available for checking: ‘DESeq2’
Flavor: r-oldrel-macos-x86_64
These binaries (installable software) and packages are in development.
They may not be fully stable and should be used with caution. We make no claims about them.