Last updated on 2025-05-01 10:50:09 CEST.
Flavor | Version | Tinstall | Tcheck | Ttotal | Status | Flags |
---|---|---|---|---|---|---|
r-devel-linux-x86_64-debian-clang | 0.2.2 | 9.63 | 167.10 | 176.73 | NOTE | |
r-devel-linux-x86_64-debian-gcc | 0.2.2 | 7.82 | 123.05 | 130.87 | NOTE | |
r-devel-linux-x86_64-fedora-clang | 0.2.2 | 265.95 | OK | |||
r-devel-linux-x86_64-fedora-gcc | 0.2.2 | 255.13 | OK | |||
r-devel-windows-x86_64 | 0.2.2 | 12.00 | 144.00 | 156.00 | OK | |
r-patched-linux-x86_64 | 0.2.2 | 9.32 | 157.98 | 167.30 | OK | |
r-release-linux-x86_64 | OK | |||||
r-release-macos-arm64 | 0.2.2 | 86.00 | OK | |||
r-release-macos-x86_64 | 0.2.2 | 181.00 | OK | |||
r-release-windows-x86_64 | 0.2.2 | 11.00 | 146.00 | 157.00 | OK | |
r-oldrel-macos-arm64 | 0.2.2 | 78.00 | OK | |||
r-oldrel-macos-x86_64 | 0.2.2 | 145.00 | OK | |||
r-oldrel-windows-x86_64 | 0.2.2 | 15.00 | 184.00 | 199.00 | OK |
Version: 0.2.2
Check: CRAN incoming feasibility
Result: NOTE
Maintainer: ‘Dominic Grün <dominic.gruen@gmail.com>’
No Authors@R field in DESCRIPTION.
Please add one, modifying
Authors@R: person(given = "Dominic",
family = "Grün",
role = c("aut", "cre"),
email = "dominic.gruen@gmail.com")
as necessary.
Flavors: r-devel-linux-x86_64-debian-clang, r-devel-linux-x86_64-debian-gcc
Version: 0.2.2
Check: examples
Result: NOTE
Examples with CPU (user + system) or elapsed time > 5s
user system elapsed
fateBias 5.947 0.161 7.444
plotdiffgenesnb 4.230 0.040 5.161
diffexpnb 4.122 0.132 5.246
prcurve 4.048 0.000 5.495
gene2gene 3.908 0.033 5.630
Flavor: r-devel-linux-x86_64-debian-clang
These binaries (installable software) and packages are in development.
They may not be fully stable and should be used with caution. We make no claims about them.