CRAN Package Check Results for Package FeaLect

Last updated on 2025-07-26 07:50:22 CEST.

Flavor Version Tinstall Tcheck Ttotal Status Flags
r-devel-linux-x86_64-debian-clang 1.20 14.00 129.16 143.16 NOTE
r-devel-linux-x86_64-debian-gcc 1.20 9.66 91.98 101.64 NOTE
r-devel-linux-x86_64-fedora-clang 1.20 216.72 OK
r-devel-linux-x86_64-fedora-gcc 1.20 214.11 OK
r-devel-windows-x86_64 1.20 15.00 138.00 153.00 OK
r-patched-linux-x86_64 1.20 12.39 117.91 130.30 OK
r-release-linux-x86_64 1.20 11.76 117.79 129.55 OK
r-release-macos-arm64 1.20 66.00 OK
r-release-macos-x86_64 1.20 126.00 OK
r-release-windows-x86_64 1.20 13.00 141.00 154.00 OK
r-oldrel-macos-arm64 1.20 61.00 OK
r-oldrel-macos-x86_64 1.20 99.00 OK
r-oldrel-windows-x86_64 1.20 18.00 171.00 189.00 OK

Check Details

Version: 1.20
Check: CRAN incoming feasibility
Result: NOTE Maintainer: ‘Habil Zare <zare@u.washington.edu>’ No Authors@R field in DESCRIPTION. Please add one, modifying Authors@R: person(given = "Habil", family = "Zare", role = c("aut", "cre"), email = "zare@u.washington.edu") as necessary. Package CITATION file contains call(s) to old-style citEntry(). Please use bibentry() instead. Flavors: r-devel-linux-x86_64-debian-clang, r-devel-linux-x86_64-debian-gcc

These binaries (installable software) and packages are in development.
They may not be fully stable and should be used with caution. We make no claims about them.