Last updated on 2025-05-21 23:48:42 CEST.
Flavor | Version | Tinstall | Tcheck | Ttotal | Status | Flags |
---|---|---|---|---|---|---|
r-devel-linux-x86_64-debian-clang | 3.10.0 | 11.82 | 533.79 | 545.61 | OK | |
r-devel-linux-x86_64-debian-gcc | 3.10.0 | 8.95 | 374.09 | 383.04 | OK | |
r-devel-linux-x86_64-fedora-clang | 3.10.0 | 915.25 | OK | |||
r-devel-linux-x86_64-fedora-gcc | 3.10.0 | 1012.16 | OK | |||
r-devel-windows-x86_64 | 3.10.0 | 14.00 | 600.00 | 614.00 | OK | |
r-patched-linux-x86_64 | 3.10.0 | 12.72 | 511.57 | 524.29 | OK | |
r-release-linux-x86_64 | 3.10.0 | 9.37 | 517.53 | 526.90 | OK | |
r-release-macos-arm64 | 3.10.0 | 213.00 | OK | |||
r-release-macos-x86_64 | 3.10.0 | 8.00 | ERROR | |||
r-release-windows-x86_64 | 3.10.0 | 14.00 | 598.00 | 612.00 | OK | |
r-oldrel-macos-arm64 | 3.10.0 | 101.00 | OK | |||
r-oldrel-macos-x86_64 | 3.10.0 | 11.00 | ERROR | |||
r-oldrel-windows-x86_64 | 3.9.0 | 17.00 | 699.00 | 716.00 | OK |
Version: 3.10.0
Check: package dependencies
Result: ERROR
Package required and available but unsuitable version: ‘Andromeda’
See section ‘The DESCRIPTION file’ in the ‘Writing R Extensions’
manual.
Flavors: r-release-macos-x86_64, r-oldrel-macos-x86_64
These binaries (installable software) and packages are in development.
They may not be fully stable and should be used with caution. We make no claims about them.