Last updated on 2025-02-20 16:51:04 CET.
Flavor | Version | Tinstall | Tcheck | Ttotal | Status | Flags |
---|---|---|---|---|---|---|
r-devel-linux-x86_64-debian-clang | 4.2.0 | 11.39 | 78.20 | 89.59 | NOTE | |
r-devel-linux-x86_64-debian-gcc | 4.2.0 | 8.07 | 55.16 | 63.23 | NOTE | |
r-devel-linux-x86_64-fedora-clang | 4.2.0 | 141.27 | NOTE | |||
r-devel-linux-x86_64-fedora-gcc | 4.2.0 | 137.22 | NOTE | |||
r-devel-macos-arm64 | 4.2.0 | 41.00 | OK | |||
r-devel-macos-x86_64 | 4.2.0 | 80.00 | NOTE | |||
r-devel-windows-x86_64 | 4.2.0 | 12.00 | 98.00 | 110.00 | NOTE | |
r-patched-linux-x86_64 | 4.2.0 | 11.84 | 70.82 | 82.66 | OK | |
r-release-linux-x86_64 | 4.2.0 | 11.28 | 71.11 | 82.39 | OK | |
r-release-macos-arm64 | 4.2.0 | 47.00 | OK | |||
r-release-macos-x86_64 | 4.2.0 | 77.00 | OK | |||
r-release-windows-x86_64 | 4.2.0 | 13.00 | 93.00 | 106.00 | OK | |
r-oldrel-macos-arm64 | 4.2.0 | 43.00 | OK | |||
r-oldrel-macos-x86_64 | 4.2.0 | 78.00 | OK | |||
r-oldrel-windows-x86_64 | 4.2.0 | 16.00 | 129.00 | 145.00 | OK |
Version: 4.2.0
Check: DESCRIPTION meta-information
Result: NOTE
Missing dependency on R >= 4.2.0 because package code uses the pipe
placeholder syntax added in R 4.2.0.
File(s) using such syntax:
‘UTILITY_FUNCTIONS.R’
Flavors: r-devel-linux-x86_64-debian-clang, r-devel-linux-x86_64-debian-gcc, r-devel-linux-x86_64-fedora-clang, r-devel-linux-x86_64-fedora-gcc, r-devel-windows-x86_64
Version: 4.2.0
Check: DESCRIPTION meta-information
Result: NOTE
Missing dependency on R >= 4.1.0 because package code uses the pipe
|> or function shorthand \(...) syntax added in R 4.1.0.
File(s) using such syntax:
‘NHD_FUNCTIONS.R’ ‘NLCD_FUNCTIONS.R’ ‘UTILITY_FUNCTIONS.R’
Flavor: r-devel-macos-x86_64
These binaries (installable software) and packages are in development.
They may not be fully stable and should be used with caution. We make no claims about them.