CRAN Package Check Results for Package FeedbackTS

Last updated on 2025-05-22 06:51:45 CEST.

Flavor Version Tinstall Tcheck Ttotal Status Flags
r-devel-linux-x86_64-debian-clang 1.5 11.34 96.30 107.64 NOTE
r-devel-linux-x86_64-debian-gcc 1.5 8.22 67.43 75.65 NOTE
r-devel-linux-x86_64-fedora-clang 1.5 174.01 OK
r-devel-linux-x86_64-fedora-gcc 1.5 169.99 OK
r-devel-windows-x86_64 1.5 13.00 107.00 120.00 OK
r-patched-linux-x86_64 1.5 11.90 91.95 103.85 OK
r-release-linux-x86_64 1.5 10.98 91.01 101.99 OK
r-release-macos-arm64 1.5 53.00 OK
r-release-macos-x86_64 1.5 103.00 OK
r-release-windows-x86_64 1.5 14.00 103.00 117.00 OK
r-oldrel-macos-arm64 1.5 42.00 OK
r-oldrel-macos-x86_64 1.5 77.00 OK
r-oldrel-windows-x86_64 1.5 19.00 129.00 148.00 OK

Check Details

Version: 1.5
Check: CRAN incoming feasibility
Result: NOTE Maintainer: ‘Samuel Soubeyrand <samuel.soubeyrand@inrae.fr>’ No Authors@R field in DESCRIPTION. Please add one, modifying Authors@R: c(person(given = "Samuel", family = "Soubeyrand", role = c("aut", "cre"), email = "samuel.soubeyrand@inrae.fr"), person(given = c("Cindy", "E."), family = "Morris", role = "aut"), person(given = c("E.", "Keith"), family = "Bigg", role = "aut")) as necessary. Flavors: r-devel-linux-x86_64-debian-clang, r-devel-linux-x86_64-debian-gcc

These binaries (installable software) and packages are in development.
They may not be fully stable and should be used with caution. We make no claims about them.