Last updated on 2024-07-27 15:50:17 CEST.
Flavor | Version | Tinstall | Tcheck | Ttotal | Status | Flags |
---|---|---|---|---|---|---|
r-devel-linux-x86_64-debian-clang | 0.9.5 | 14.51 | 99.53 | 114.04 | NOTE | |
r-devel-linux-x86_64-debian-gcc | 0.9.5 | NOTE | ||||
r-devel-linux-x86_64-fedora-clang | 0.9.5 | 145.36 | NOTE | |||
r-devel-linux-x86_64-fedora-gcc | 0.9.5 | 144.53 | NOTE | |||
r-devel-windows-x86_64 | 0.9.5 | 14.00 | 92.00 | 106.00 | NOTE | |
r-patched-linux-x86_64 | 0.9.5 | NOTE | ||||
r-release-linux-x86_64 | 0.9.5 | 14.45 | 95.06 | 109.51 | NOTE | |
r-release-macos-arm64 | 0.9.5 | 61.00 | NOTE | |||
r-release-macos-x86_64 | 0.9.5 | 137.00 | NOTE | |||
r-release-windows-x86_64 | 0.9.5 | 13.00 | 91.00 | 104.00 | NOTE | |
r-oldrel-macos-arm64 | 0.9.5 | 42.00 | NOTE | |||
r-oldrel-macos-x86_64 | 0.9.5 | 76.00 | NOTE | |||
r-oldrel-windows-x86_64 | 0.9.5 | 13.00 | 108.00 | 121.00 | NOTE |
Version: 0.9.5
Check: Rd files
Result: NOTE
checkRd: (-1) contemParametros.Rd:19: Lost braces
19 | \item{exclui3pontos}{verify por ... ? in f<-function(a, ...){ }}
| ^
Flavors: r-devel-linux-x86_64-debian-clang, r-devel-linux-x86_64-debian-gcc, r-devel-linux-x86_64-fedora-clang, r-devel-linux-x86_64-fedora-gcc, r-devel-windows-x86_64, r-patched-linux-x86_64, r-release-linux-x86_64, r-release-macos-arm64, r-release-macos-x86_64, r-release-windows-x86_64
Version: 0.9.5
Check: LazyData
Result: NOTE
'LazyData' is specified without a 'data' directory
Flavors: r-devel-linux-x86_64-debian-clang, r-devel-linux-x86_64-debian-gcc, r-devel-linux-x86_64-fedora-clang, r-devel-linux-x86_64-fedora-gcc, r-devel-windows-x86_64, r-patched-linux-x86_64, r-release-linux-x86_64, r-release-macos-arm64, r-release-macos-x86_64, r-release-windows-x86_64, r-oldrel-macos-arm64, r-oldrel-macos-x86_64, r-oldrel-windows-x86_64
These binaries (installable software) and packages are in development.
They may not be fully stable and should be used with caution. We make no claims about them.