Last updated on 2025-11-16 03:49:56 CET.
| Flavor | Version | Tinstall | Tcheck | Ttotal | Status | Flags |
|---|---|---|---|---|---|---|
| r-devel-linux-x86_64-debian-clang | 1.0.1 | 24.78 | 31.34 | 56.12 | OK | |
| r-devel-linux-x86_64-debian-gcc | 1.0.1 | 19.02 | 24.38 | 43.40 | OK | |
| r-devel-linux-x86_64-fedora-clang | 1.0.1 | 46.00 | 44.16 | 90.16 | OK | |
| r-devel-linux-x86_64-fedora-gcc | 1.0.1 | 59.00 | 29.68 | 88.68 | OK | |
| r-devel-windows-x86_64 | 1.0.1 | 35.00 | 76.00 | 111.00 | OK | |
| r-patched-linux-x86_64 | 1.0.1 | 24.99 | 30.13 | 55.12 | OK | |
| r-release-linux-x86_64 | 1.0.1 | 25.83 | 30.14 | 55.97 | OK | |
| r-release-macos-arm64 | 1.0.1 | 13.00 | 19.00 | 32.00 | OK | |
| r-release-macos-x86_64 | 1.0.1 | 28.00 | 30.00 | 58.00 | OK | |
| r-release-windows-x86_64 | 1.0.1 | 30.00 | 74.00 | 104.00 | OK | |
| r-oldrel-macos-arm64 | 1.0.1 | 14.00 | 18.00 | 32.00 | NOTE | |
| r-oldrel-macos-x86_64 | 1.0.1 | 25.00 | 27.00 | 52.00 | NOTE | |
| r-oldrel-windows-x86_64 | 1.0.1 | 26.00 | 83.00 | 109.00 | OK |
Version: 1.0.1
Check: installed package size
Result: NOTE
installed size is 5.2Mb
sub-directories of 1Mb or more:
data 2.6Mb
libs 2.5Mb
Flavors: r-oldrel-macos-arm64, r-oldrel-macos-x86_64
These binaries (installable software) and packages are in development.
They may not be fully stable and should be used with caution. We make no claims about them.