Last updated on 2025-02-23 15:49:42 CET.
Flavor | Version | Tinstall | Tcheck | Ttotal | Status | Flags |
---|---|---|---|---|---|---|
r-devel-linux-x86_64-debian-clang | 1.0.1 | 22.78 | 29.24 | 52.02 | OK | |
r-devel-linux-x86_64-debian-gcc | 1.0.1 | 19.84 | 21.45 | 41.29 | OK | |
r-devel-linux-x86_64-fedora-clang | 1.0.1 | 89.26 | OK | |||
r-devel-linux-x86_64-fedora-gcc | 1.0.1 | 94.13 | OK | |||
r-devel-macos-arm64 | 1.0.1 | 30.00 | OK | |||
r-devel-macos-x86_64 | 1.0.1 | 62.00 | OK | |||
r-devel-windows-x86_64 | 1.0.1 | 27.00 | 71.00 | 98.00 | OK | |
r-patched-linux-x86_64 | 1.0.1 | 25.40 | 26.87 | 52.27 | OK | |
r-release-linux-x86_64 | 1.0.1 | 24.39 | 27.90 | 52.29 | OK | |
r-release-macos-arm64 | 1.0.1 | 32.00 | NOTE | |||
r-release-macos-x86_64 | 1.0.1 | 52.00 | NOTE | |||
r-release-windows-x86_64 | 1.0.1 | 30.00 | 75.00 | 105.00 | OK | |
r-oldrel-macos-arm64 | 1.0.1 | 34.00 | OK | |||
r-oldrel-macos-x86_64 | 1.0.1 | 50.00 | NOTE | |||
r-oldrel-windows-x86_64 | 1.0.1 | 29.00 | 85.00 | 114.00 | OK |
Version: 1.0.1
Check: installed package size
Result: NOTE
installed size is 5.2Mb
sub-directories of 1Mb or more:
data 2.6Mb
libs 2.5Mb
Flavors: r-release-macos-arm64, r-release-macos-x86_64, r-oldrel-macos-x86_64
These binaries (installable software) and packages are in development.
They may not be fully stable and should be used with caution. We make no claims about them.