Last updated on 2025-11-11 17:49:58 CET.
| Flavor | Version | Tinstall | Tcheck | Ttotal | Status | Flags |
|---|---|---|---|---|---|---|
| r-devel-linux-x86_64-debian-clang | 1.1 | 7.59 | 66.48 | 74.07 | NOTE | |
| r-devel-linux-x86_64-debian-gcc | 1.1 | 6.01 | 50.29 | 56.30 | NOTE | |
| r-devel-linux-x86_64-fedora-clang | 1.1 | 15.00 | 97.47 | 112.47 | NOTE | |
| r-devel-linux-x86_64-fedora-gcc | 1.1 | 15.00 | 91.93 | 106.93 | NOTE | |
| r-devel-windows-x86_64 | 1.1 | 8.00 | 79.00 | 87.00 | NOTE | |
| r-patched-linux-x86_64 | 1.1 | 7.15 | 64.22 | 71.37 | NOTE | |
| r-release-linux-x86_64 | 1.1 | 7.63 | 64.14 | 71.77 | NOTE | |
| r-release-macos-arm64 | 1.1 | 4.00 | 32.00 | 36.00 | NOTE | |
| r-release-macos-x86_64 | 1.1 | 7.00 | 56.00 | 63.00 | NOTE | |
| r-release-windows-x86_64 | 1.1 | 11.00 | 77.00 | 88.00 | NOTE | |
| r-oldrel-macos-arm64 | 1.1 | 4.00 | 31.00 | 35.00 | NOTE | |
| r-oldrel-macos-x86_64 | 1.1 | 6.00 | 64.00 | 70.00 | NOTE | |
| r-oldrel-windows-x86_64 | 1.1 | 11.00 | 97.00 | 108.00 | NOTE |
Version: 1.1
Check: Rd files
Result: NOTE
checkRd: (-1) FiSh-package.Rd:19: Lost braces
19 | \doi{10.3389/feart.2020.00255}{Frontiers in Earth Science, 8:255}.
| ^
checkRd: (-1) FiSh-package.Rd:32: Lost braces
32 | \doi{10.3389/feart.2020.00255}{Frontiers in Earth Science, 8:255}.
| ^
checkRd: (-1) SEP_FIM.Rd:46: Lost braces
46 | \doi{10.3389/feart.2020.00255}{Frontiers in Earth Science, 8:255}.
| ^
Flavors: r-devel-linux-x86_64-debian-clang, r-devel-linux-x86_64-debian-gcc, r-devel-linux-x86_64-fedora-clang, r-devel-linux-x86_64-fedora-gcc, r-devel-windows-x86_64, r-patched-linux-x86_64, r-release-linux-x86_64, r-release-macos-arm64, r-release-macos-x86_64, r-release-windows-x86_64, r-oldrel-macos-arm64, r-oldrel-macos-x86_64, r-oldrel-windows-x86_64
These binaries (installable software) and packages are in development.
They may not be fully stable and should be used with caution. We make no claims about them.