Last updated on 2025-10-03 07:49:40 CEST.
Flavor | Version | Tinstall | Tcheck | Ttotal | Status | Flags |
---|---|---|---|---|---|---|
r-devel-linux-x86_64-debian-clang | 1.4.2 | 29.27 | 323.97 | 353.24 | OK | |
r-devel-linux-x86_64-debian-gcc | 1.4.2 | 18.61 | 208.18 | 226.79 | OK | |
r-devel-linux-x86_64-fedora-clang | 1.4.2 | 527.27 | OK | |||
r-devel-linux-x86_64-fedora-gcc | 1.4.2 | 547.41 | OK | |||
r-devel-windows-x86_64 | 1.4.2 | 30.00 | 262.00 | 292.00 | OK | |
r-patched-linux-x86_64 | 1.4.2 | 27.65 | 303.17 | 330.82 | OK | |
r-release-linux-x86_64 | 1.4.2 | 26.69 | 302.94 | 329.63 | OK | |
r-release-macos-arm64 | 1.4.2 | 129.00 | OK | |||
r-release-macos-x86_64 | 1.4.2 | 275.00 | OK | |||
r-release-windows-x86_64 | 1.4.2 | 26.00 | 264.00 | 290.00 | OK | |
r-oldrel-macos-arm64 | 1.4.2 | 134.00 | NOTE | |||
r-oldrel-macos-x86_64 | 1.4.2 | 407.00 | NOTE | |||
r-oldrel-windows-x86_64 | 1.4.2 | 37.00 | 358.00 | 395.00 | OK |
Version: 1.4.2
Check: installed package size
Result: NOTE
installed size is 5.8Mb
sub-directories of 1Mb or more:
R 2.0Mb
doc 1.8Mb
help 1.1Mb
Flavors: r-oldrel-macos-arm64, r-oldrel-macos-x86_64
These binaries (installable software) and packages are in development.
They may not be fully stable and should be used with caution. We make no claims about them.