Last updated on 2025-02-16 12:53:34 CET.
Flavor | Version | Tinstall | Tcheck | Ttotal | Status | Flags |
---|---|---|---|---|---|---|
r-devel-linux-x86_64-debian-clang | 1.4.2 | 27.14 | 293.61 | 320.75 | OK | |
r-devel-linux-x86_64-debian-gcc | 1.4.2 | 20.19 | 183.95 | 204.14 | OK | |
r-devel-linux-x86_64-fedora-clang | 1.4.2 | 524.62 | OK | |||
r-devel-linux-x86_64-fedora-gcc | 1.4.2 | 509.08 | OK | |||
r-devel-macos-arm64 | 1.4.2 | 135.00 | OK | |||
r-devel-macos-x86_64 | 1.4.2 | 259.00 | OK | |||
r-devel-windows-x86_64 | 1.4.2 | 30.00 | 252.00 | 282.00 | OK | |
r-patched-linux-x86_64 | 1.4.2 | 28.55 | 273.00 | 301.55 | OK | |
r-release-linux-x86_64 | 1.4.2 | 24.11 | 275.38 | 299.49 | OK | |
r-release-macos-arm64 | 1.4.2 | 134.00 | NOTE | |||
r-release-macos-x86_64 | 1.4.2 | 407.00 | NOTE | |||
r-release-windows-x86_64 | 1.4.2 | 30.00 | 254.00 | 284.00 | OK | |
r-oldrel-macos-arm64 | 1.4.2 | 177.00 | NOTE | |||
r-oldrel-macos-x86_64 | 1.4.2 | 364.00 | NOTE | |||
r-oldrel-windows-x86_64 | 1.4.2 | 37.00 | 310.00 | 347.00 | OK |
Version: 1.4.2
Check: installed package size
Result: NOTE
installed size is 5.8Mb
sub-directories of 1Mb or more:
R 2.0Mb
doc 1.8Mb
help 1.1Mb
Flavors: r-release-macos-arm64, r-release-macos-x86_64, r-oldrel-macos-arm64, r-oldrel-macos-x86_64
These binaries (installable software) and packages are in development.
They may not be fully stable and should be used with caution. We make no claims about them.