CRAN Package Check Results for Package FinAna

Last updated on 2025-02-16 10:50:46 CET.

Flavor Version Tinstall Tcheck Ttotal Status Flags
r-devel-linux-x86_64-debian-clang 0.1.2 1.84 18.07 19.91 OK
r-devel-linux-x86_64-debian-gcc 0.1.2 1.56 14.71 16.27 OK
r-devel-linux-x86_64-fedora-clang 0.1.2 34.05 OK
r-devel-linux-x86_64-fedora-gcc 0.1.2 31.64 OK
r-devel-macos-arm64 0.1.2 11.00 OK
r-devel-macos-x86_64 0.1.2 22.00 OK
r-devel-windows-x86_64 0.1.2 4.00 38.00 42.00 OK
r-patched-linux-x86_64 0.1.2 2.10 17.30 19.40 NOTE
r-release-linux-x86_64 0.1.2 2.02 17.36 19.38 NOTE
r-release-macos-arm64 0.1.2 15.00 NOTE
r-release-macos-x86_64 0.1.2 21.00 NOTE
r-release-windows-x86_64 0.1.2 4.00 39.00 43.00 NOTE
r-oldrel-macos-arm64 0.1.2 16.00 NOTE
r-oldrel-macos-x86_64 0.1.2 19.00 NOTE
r-oldrel-windows-x86_64 0.1.2 6.00 39.00 45.00 NOTE

Check Details

Version: 0.1.2
Check: LazyData
Result: NOTE 'LazyData' is specified without a 'data' directory Flavors: r-patched-linux-x86_64, r-release-linux-x86_64, r-release-macos-arm64, r-release-macos-x86_64, r-release-windows-x86_64, r-oldrel-macos-arm64, r-oldrel-macos-x86_64, r-oldrel-windows-x86_64

These binaries (installable software) and packages are in development.
They may not be fully stable and should be used with caution. We make no claims about them.