Last updated on 2025-07-02 01:51:37 CEST.
Flavor | Version | Tinstall | Tcheck | Ttotal | Status | Flags |
---|---|---|---|---|---|---|
r-devel-linux-x86_64-debian-clang | 0.6.3 | 7.09 | 59.97 | 67.06 | NOTE | |
r-devel-linux-x86_64-debian-gcc | 0.6.3 | 5.28 | 42.19 | 47.47 | NOTE | |
r-devel-linux-x86_64-fedora-clang | 0.6.3 | 100.10 | OK | |||
r-devel-linux-x86_64-fedora-gcc | 0.6.3 | 94.82 | OK | |||
r-devel-windows-x86_64 | 0.6.3 | 10.00 | 82.00 | 92.00 | OK | |
r-patched-linux-x86_64 | OK | |||||
r-release-linux-x86_64 | 0.6.3 | 6.84 | 53.79 | 60.63 | OK | |
r-release-macos-arm64 | 0.6.3 | 43.00 | OK | |||
r-release-macos-x86_64 | 0.6.3 | 61.00 | OK | |||
r-release-windows-x86_64 | 0.6.3 | 8.00 | 81.00 | 89.00 | OK | |
r-oldrel-macos-arm64 | 0.6.3 | 27.00 | OK | |||
r-oldrel-macos-x86_64 | 0.6.3 | 60.00 | OK | |||
r-oldrel-windows-x86_64 | 0.6.3 | 11.00 | 98.00 | 109.00 | OK |
Version: 0.6.3
Check: CRAN incoming feasibility
Result: NOTE
Maintainer: ‘Felix Yanhui Fan <nolanfyh@gmail.com>’
No Authors@R field in DESCRIPTION.
Please add one, modifying
Authors@R: person(given = c("Felix", "Yanhui"),
family = "Fan",
role = c("aut", "cre"),
email = "nolanfyh@gmail.com")
as necessary.
Flavors: r-devel-linux-x86_64-debian-clang, r-devel-linux-x86_64-debian-gcc
These binaries (installable software) and packages are in development.
They may not be fully stable and should be used with caution. We make no claims about them.