Last updated on 2025-11-13 09:50:46 CET.
| Flavor | Version | Tinstall | Tcheck | Ttotal | Status | Flags |
|---|---|---|---|---|---|---|
| r-devel-linux-x86_64-debian-clang | 0.6.3 | 7.39 | 69.29 | 76.68 | NOTE | |
| r-devel-linux-x86_64-debian-gcc | 0.6.3 | 5.51 | 50.32 | 55.83 | NOTE | |
| r-devel-linux-x86_64-fedora-clang | 0.6.3 | 15.00 | 96.35 | 111.35 | OK | |
| r-devel-linux-x86_64-fedora-gcc | 0.6.3 | 17.00 | 91.96 | 108.96 | OK | |
| r-devel-windows-x86_64 | 0.6.3 | 9.00 | 88.00 | 97.00 | OK | |
| r-patched-linux-x86_64 | 0.6.3 | 7.16 | 62.75 | 69.91 | OK | |
| r-release-linux-x86_64 | 0.6.3 | 7.15 | 63.52 | 70.67 | OK | |
| r-release-macos-arm64 | 0.6.3 | 5.00 | 38.00 | 43.00 | OK | |
| r-release-macos-x86_64 | 0.6.3 | 5.00 | 56.00 | 61.00 | OK | |
| r-release-windows-x86_64 | 0.6.3 | 9.00 | 89.00 | 98.00 | OK | |
| r-oldrel-macos-arm64 | 0.6.3 | 3.00 | 24.00 | 27.00 | OK | |
| r-oldrel-macos-x86_64 | 0.6.3 | 7.00 | 53.00 | 60.00 | OK | |
| r-oldrel-windows-x86_64 | 0.6.3 | 13.00 | 108.00 | 121.00 | OK |
Version: 0.6.3
Check: CRAN incoming feasibility
Result: NOTE
Maintainer: ‘Felix Yanhui Fan <nolanfyh@gmail.com>’
No Authors@R field in DESCRIPTION.
Please add one, modifying
Authors@R: person(given = c("Felix", "Yanhui"),
family = "Fan",
role = c("aut", "cre"),
email = "nolanfyh@gmail.com")
as necessary.
Flavors: r-devel-linux-x86_64-debian-clang, r-devel-linux-x86_64-debian-gcc
These binaries (installable software) and packages are in development.
They may not be fully stable and should be used with caution. We make no claims about them.