CRAN Package Check Results for Package FinNet

Last updated on 2025-10-24 11:50:46 CEST.

Flavor Version Tinstall Tcheck Ttotal Status Flags
r-devel-linux-x86_64-debian-clang 0.2.1 21.42 102.31 123.73 NOTE
r-devel-linux-x86_64-debian-gcc 0.2.1 13.43 73.16 86.59 NOTE
r-devel-linux-x86_64-fedora-clang 0.2.1 50.00 138.92 188.92 NOTE
r-devel-linux-x86_64-fedora-gcc 0.2.1 49.00 148.87 197.87 NOTE
r-devel-windows-x86_64 0.2.1 24.00 133.00 157.00 NOTE
r-patched-linux-x86_64 0.2.1 22.29 97.22 119.51 NOTE
r-release-linux-x86_64 0.2.1 19.44 98.89 118.33 NOTE
r-release-macos-arm64 0.2.1 9.00 61.00 70.00 NOTE
r-release-macos-x86_64 0.2.1 18.00 109.00 127.00 NOTE
r-release-windows-x86_64 0.2.1 26.00 137.00 163.00 NOTE
r-oldrel-macos-arm64 0.2.1 10.00 50.00 60.00 OK
r-oldrel-macos-x86_64 0.2.1 17.00 107.00 124.00 OK
r-oldrel-windows-x86_64 0.2.1 30.00 170.00 200.00 OK

Check Details

Version: 0.2.1
Check: DESCRIPTION meta-information
Result: NOTE Missing dependency on R >= 4.2.0 because package code uses the pipe placeholder syntax added in R 4.2.0. File(s) using such syntax: ‘00.helpers.R’ ‘01.firm_register.R’ ‘02.FOandFM.R’ ‘03.people.R’ ‘04.FF_either.R’ ‘05.network&graph.R’ Flavors: r-devel-linux-x86_64-debian-clang, r-devel-linux-x86_64-debian-gcc, r-devel-linux-x86_64-fedora-clang, r-devel-linux-x86_64-fedora-gcc, r-devel-windows-x86_64, r-patched-linux-x86_64, r-release-linux-x86_64, r-release-macos-arm64, r-release-macos-x86_64, r-release-windows-x86_64

These binaries (installable software) and packages are in development.
They may not be fully stable and should be used with caution. We make no claims about them.