Last updated on 2025-05-01 10:50:09 CEST.
Flavor | Version | Tinstall | Tcheck | Ttotal | Status | Flags |
---|---|---|---|---|---|---|
r-devel-linux-x86_64-debian-clang | 0.2.1 | 21.07 | 98.85 | 119.92 | NOTE | |
r-devel-linux-x86_64-debian-gcc | 0.2.1 | 13.64 | 72.95 | 86.59 | NOTE | |
r-devel-linux-x86_64-fedora-clang | 0.2.1 | 191.88 | NOTE | |||
r-devel-linux-x86_64-fedora-gcc | 0.2.1 | 194.06 | NOTE | |||
r-devel-windows-x86_64 | 0.2.1 | 24.00 | 134.00 | 158.00 | NOTE | |
r-patched-linux-x86_64 | 0.2.1 | 20.53 | 91.81 | 112.34 | NOTE | |
r-release-linux-x86_64 | NOTE | |||||
r-release-macos-arm64 | 0.2.1 | 70.00 | NOTE | |||
r-release-macos-x86_64 | 0.2.1 | 127.00 | NOTE | |||
r-release-windows-x86_64 | 0.2.1 | 26.00 | 135.00 | 161.00 | NOTE | |
r-oldrel-macos-arm64 | 0.2.1 | 60.00 | OK | |||
r-oldrel-macos-x86_64 | 0.2.1 | 124.00 | OK | |||
r-oldrel-windows-x86_64 | 0.2.1 | 30.00 | 165.00 | 195.00 | OK |
Version: 0.2.1
Check: DESCRIPTION meta-information
Result: NOTE
Missing dependency on R >= 4.2.0 because package code uses the pipe
placeholder syntax added in R 4.2.0.
File(s) using such syntax:
‘00.helpers.R’ ‘01.firm_register.R’ ‘02.FOandFM.R’ ‘03.people.R’
‘04.FF_either.R’ ‘05.network&graph.R’
Flavors: r-devel-linux-x86_64-debian-clang, r-devel-linux-x86_64-debian-gcc, r-devel-linux-x86_64-fedora-clang, r-devel-linux-x86_64-fedora-gcc, r-devel-windows-x86_64, r-patched-linux-x86_64, r-release-linux-x86_64, r-release-macos-arm64, r-release-macos-x86_64, r-release-windows-x86_64
These binaries (installable software) and packages are in development.
They may not be fully stable and should be used with caution. We make no claims about them.