CRAN Package Check Results for Package FinePop2

Last updated on 2025-05-08 04:52:05 CEST.

Flavor Version Tinstall Tcheck Ttotal Status Flags
r-devel-linux-x86_64-debian-clang 0.4 2.47 27.33 29.80 NOTE
r-devel-linux-x86_64-debian-gcc 0.4 1.91 21.69 23.60 NOTE
r-devel-linux-x86_64-fedora-clang 0.4 46.82 OK
r-devel-linux-x86_64-fedora-gcc 0.4 44.62 OK
r-devel-windows-x86_64 0.4 3.00 45.00 48.00 OK
r-patched-linux-x86_64 0.4 2.57 26.01 28.58 OK
r-release-linux-x86_64 0.4 2.31 26.44 28.75 OK
r-release-macos-arm64 0.4 18.00 OK
r-release-macos-x86_64 0.4 27.00 OK
r-release-windows-x86_64 0.4 4.00 46.00 50.00 OK
r-oldrel-macos-arm64 0.4 18.00 OK
r-oldrel-macos-x86_64 0.4 25.00 OK
r-oldrel-windows-x86_64 0.4 4.00 45.00 49.00 OK

Check Details

Version: 0.4
Check: CRAN incoming feasibility
Result: NOTE Maintainer: ‘Reiichiro Nakamichi <nakamichi@affrc.go.jp>’ No Authors@R field in DESCRIPTION. Please add one, modifying Authors@R: c(person(given = "Reiichiro", family = "Nakamichi", role = c("aut", "cre"), email = "nakamichi@affrc.go.jp"), person(given = "Shuichi", family = "Kitada", role = "aut"), person(given = "Hirohisa", family = "Kishino", role = "aut")) as necessary. Flavors: r-devel-linux-x86_64-debian-clang, r-devel-linux-x86_64-debian-gcc

These binaries (installable software) and packages are in development.
They may not be fully stable and should be used with caution. We make no claims about them.