Last updated on 2025-05-21 23:48:42 CEST.
Flavor | Version | Tinstall | Tcheck | Ttotal | Status | Flags |
---|---|---|---|---|---|---|
r-devel-linux-x86_64-debian-clang | 0.2.0 | 3.75 | 36.99 | 40.74 | OK | |
r-devel-linux-x86_64-debian-gcc | 0.2.0 | 2.46 | 28.30 | 30.76 | OK | |
r-devel-linux-x86_64-fedora-clang | 0.2.0 | 63.46 | NOTE | |||
r-devel-linux-x86_64-fedora-gcc | 0.2.0 | 76.06 | NOTE | |||
r-devel-windows-x86_64 | 0.2.0 | 5.00 | 62.00 | 67.00 | OK | |
r-patched-linux-x86_64 | 0.2.0 | 3.88 | 33.93 | 37.81 | OK | |
r-release-linux-x86_64 | 0.2.0 | 3.31 | 34.04 | 37.35 | OK | |
r-release-macos-arm64 | 0.2.0 | 30.00 | OK | |||
r-release-macos-x86_64 | 0.2.0 | 55.00 | OK | |||
r-release-windows-x86_64 | 0.2.0 | 5.00 | 63.00 | 68.00 | OK | |
r-oldrel-macos-arm64 | 0.2.0 | 28.00 | OK | |||
r-oldrel-macos-x86_64 | 0.2.0 | 46.00 | OK | |||
r-oldrel-windows-x86_64 | 0.2.0 | 7.00 | 69.00 | 76.00 | OK |
Version: 0.2.0
Check: dependencies in R code
Result: NOTE
Namespaces in Imports field not imported from:
‘knitr’ ‘rmarkdown’ ‘utils’
All declared Imports should be used.
Flavors: r-devel-linux-x86_64-fedora-clang, r-devel-linux-x86_64-fedora-gcc
These binaries (installable software) and packages are in development.
They may not be fully stable and should be used with caution. We make no claims about them.