Last updated on 2025-05-29 11:50:11 CEST.
Flavor | Version | Tinstall | Tcheck | Ttotal | Status | Flags |
---|---|---|---|---|---|---|
r-devel-linux-x86_64-debian-clang | 0.6.3 | 2.53 | 216.49 | 219.02 | NOTE | |
r-devel-linux-x86_64-debian-gcc | 0.6.3 | 1.90 | 115.65 | 117.55 | NOTE | |
r-devel-linux-x86_64-fedora-clang | 0.6.3 | 375.85 | OK | |||
r-devel-linux-x86_64-fedora-gcc | 0.6.3 | 395.17 | OK | |||
r-devel-windows-x86_64 | 0.6.3 | 5.00 | 161.00 | 166.00 | OK | |
r-patched-linux-x86_64 | 0.6.3 | 2.85 | 194.92 | 197.77 | OK | |
r-release-linux-x86_64 | 0.6.3 | 2.42 | 194.52 | 196.94 | OK | |
r-release-macos-arm64 | 0.6.3 | 71.00 | OK | |||
r-release-macos-x86_64 | 0.6.3 | 150.00 | OK | |||
r-release-windows-x86_64 | 0.6.3 | 4.00 | 163.00 | 167.00 | OK | |
r-oldrel-macos-arm64 | 0.6.3 | 68.00 | OK | |||
r-oldrel-macos-x86_64 | 0.6.3 | 113.00 | OK | |||
r-oldrel-windows-x86_64 | 0.6.3 | 4.00 | 203.00 | 207.00 | OK |
Version: 0.6.3
Check: CRAN incoming feasibility
Result: NOTE
Maintainer: ‘Stuart Baumann <Stuart@StuartBaumann.com>’
No Authors@R field in DESCRIPTION.
Please add one, modifying
Authors@R: c(person(given = c("Stuart", "Baumann", "&", "Margaryta"),
family = "Klymak",
role = "aut"),
person(given = "Stuart",
family = "Baumann",
role = "cre",
email = "Stuart@StuartBaumann.com"))
as necessary.
Flavors: r-devel-linux-x86_64-debian-clang, r-devel-linux-x86_64-debian-gcc
These binaries (installable software) and packages are in development.
They may not be fully stable and should be used with caution. We make no claims about them.