Last updated on 2025-02-23 13:51:11 CET.
Flavor | Version | Tinstall | Tcheck | Ttotal | Status | Flags |
---|---|---|---|---|---|---|
r-devel-linux-x86_64-debian-clang | 0.7.2 | 8.19 | 62.91 | 71.10 | OK | |
r-devel-linux-x86_64-debian-gcc | 0.7.2 | 6.38 | 46.81 | 53.19 | OK | |
r-devel-linux-x86_64-fedora-clang | 0.7.2 | 113.40 | OK | |||
r-devel-linux-x86_64-fedora-gcc | 0.7.2 | 108.93 | OK | |||
r-devel-macos-arm64 | 0.7.2 | 37.00 | OK | |||
r-devel-macos-x86_64 | 0.7.2 | 65.00 | OK | |||
r-devel-windows-x86_64 | 0.7.2 | 9.00 | 76.00 | 85.00 | OK | |
r-patched-linux-x86_64 | 0.7.2 | 8.60 | 59.97 | 68.57 | NOTE | |
r-release-linux-x86_64 | 0.7.2 | 6.51 | 60.02 | 66.53 | NOTE | |
r-release-macos-arm64 | 0.7.2 | 35.00 | NOTE | |||
r-release-macos-x86_64 | 0.7.2 | 50.00 | NOTE | |||
r-release-windows-x86_64 | 0.7.2 | 9.00 | 76.00 | 85.00 | NOTE | |
r-oldrel-macos-arm64 | 0.7.2 | 40.00 | NOTE | |||
r-oldrel-macos-x86_64 | 0.7.2 | 60.00 | NOTE | |||
r-oldrel-windows-x86_64 | 0.7.2 | 8.00 | 88.00 | 96.00 | NOTE |
Version: 0.7.2
Check: LazyData
Result: NOTE
'LazyData' is specified without a 'data' directory
Flavors: r-patched-linux-x86_64, r-release-linux-x86_64, r-release-macos-arm64, r-release-macos-x86_64, r-release-windows-x86_64, r-oldrel-macos-arm64, r-oldrel-macos-x86_64, r-oldrel-windows-x86_64
These binaries (installable software) and packages are in development.
They may not be fully stable and should be used with caution. We make no claims about them.