Last updated on 2025-05-01 17:56:03 CEST.
Flavor | Version | Tinstall | Tcheck | Ttotal | Status | Flags |
---|---|---|---|---|---|---|
r-devel-linux-x86_64-debian-clang | 1.5-6 | 10.30 | 70.48 | 80.78 | NOTE | |
r-devel-linux-x86_64-debian-gcc | 1.5-6 | 7.90 | 47.05 | 54.95 | NOTE | |
r-devel-linux-x86_64-fedora-clang | 1.5-6 | 128.90 | OK | |||
r-devel-linux-x86_64-fedora-gcc | 1.5-6 | 124.17 | OK | |||
r-devel-windows-x86_64 | 1.5-6 | 11.00 | 84.00 | 95.00 | NOTE | |
r-patched-linux-x86_64 | 1.5-6 | 12.06 | 66.71 | 78.77 | NOTE | |
r-release-linux-x86_64 | NOTE | |||||
r-release-macos-arm64 | 1.5-6 | 37.00 | OK | |||
r-release-macos-x86_64 | 1.5-6 | 67.00 | OK | |||
r-release-windows-x86_64 | 1.5-6 | 12.00 | 92.00 | 104.00 | NOTE | |
r-oldrel-macos-arm64 | 1.5-6 | 34.00 | OK | |||
r-oldrel-macos-x86_64 | 1.5-6 | 53.00 | OK | |||
r-oldrel-windows-x86_64 | 1.5-6 | 14.00 | 97.00 | 111.00 | OK |
Version: 1.5-6
Check: Rd cross-references
Result: NOTE
Found the following Rd file(s) with Rd \link{} targets missing package
anchors:
FlexParamCurve-package.Rd: nlsList, nlme
SSposnegRichards.Rd: nlsList, nlme
extraF.Rd: nlsList
logist.data.Rd: nlme
pn.mod.compare.Rd: nlsList
pn.modselect.step.Rd: nlsList
posneg.data.Rd: nlme
posnegRichards.calls.Rd: nlsList
Please provide package anchors for all Rd \link{} targets not in the
package itself and the base packages.
Flavors: r-devel-linux-x86_64-debian-clang, r-devel-linux-x86_64-debian-gcc, r-devel-windows-x86_64, r-patched-linux-x86_64, r-release-linux-x86_64, r-release-windows-x86_64
Version: 1.5-6
Check: examples
Result: NOTE
Examples with CPU (user + system) or elapsed time > 5s
user system elapsed
SSposnegRichards 7.845 0 12.442
Flavor: r-devel-linux-x86_64-debian-clang
Version: 1.5-6
Check: examples
Result: NA
user system elapsed
SSposnegRichards 4.569 0.004 5.228
OK
Flavor: r-devel-linux-x86_64-debian-gcc
These binaries (installable software) and packages are in development.
They may not be fully stable and should be used with caution. We make no claims about them.