Last updated on 2025-02-16 10:50:46 CET.
Flavor | Version | Tinstall | Tcheck | Ttotal | Status | Flags |
---|---|---|---|---|---|---|
r-devel-linux-x86_64-debian-clang | 1.3.0 | 2974.12 | 258.15 | 3232.27 | NOTE | |
r-devel-linux-x86_64-debian-gcc | 1.3.0 | 2286.15 | 402.03 | 2688.18 | NOTE | |
r-devel-macos-arm64 | 1.3.0 | 1354.00 | OK | |||
r-devel-macos-x86_64 | 1.3.0 | 1144.00 | OK | |||
r-devel-windows-x86_64 | 1.3.0 | 2508.00 | 494.00 | 3002.00 | NOTE | |
r-patched-linux-x86_64 | 1.3.0 | 3496.92 | 519.43 | 4016.35 | NOTE | |
r-release-linux-x86_64 | 1.3.0 | 3438.83 | 519.72 | 3958.55 | NOTE | |
r-release-macos-arm64 | 1.3.0 | 697.00 | NOTE | |||
r-release-macos-x86_64 | 1.3.0 | 462.00 | NOTE | |||
r-release-windows-x86_64 | 1.3.0 | 2207.00 | 494.00 | 2701.00 | NOTE | |
r-oldrel-macos-arm64 | 1.3.0 | 910.00 | NOTE | |||
r-oldrel-macos-x86_64 | 1.3.0 | 984.00 | NOTE | |||
r-oldrel-windows-x86_64 | 1.3.0 | 3419.00 | 602.00 | 4021.00 | NOTE |
Version: 1.3.0
Check: Rd cross-references
Result: NOTE
Found the following Rd file(s) with Rd \link{} targets missing package
anchors:
FlexReg-package.Rd: rstan
WAIC.Rd: loo, loo_compare, waic
convergence.diag.Rd: check_hmc_diagnostics
convergence.plot.Rd: ggplot2
curve.density.Rd: stat_function
flexreg.Rd: sampling
flexreg_binom.Rd: sampling
Please provide package anchors for all Rd \link{} targets not in the
package itself and the base packages.
Flavors: r-devel-linux-x86_64-debian-clang, r-devel-linux-x86_64-debian-gcc, r-devel-windows-x86_64
Version: 1.3.0
Check: for GNU extensions in Makefiles
Result: NOTE
GNU make is a SystemRequirements.
Flavors: r-patched-linux-x86_64, r-release-linux-x86_64, r-release-macos-arm64, r-release-macos-x86_64, r-release-windows-x86_64, r-oldrel-macos-arm64, r-oldrel-macos-x86_64, r-oldrel-windows-x86_64
Version: 1.3.0
Check: installed package size
Result: NOTE
installed size is 315.7Mb
sub-directories of 1Mb or more:
libs 314.5Mb
Flavors: r-release-macos-arm64, r-release-macos-x86_64, r-release-windows-x86_64, r-oldrel-macos-arm64, r-oldrel-macos-x86_64, r-oldrel-windows-x86_64
These binaries (installable software) and packages are in development.
They may not be fully stable and should be used with caution. We make no claims about them.