CRAN Package Check Results for Package FlexVarJM

Last updated on 2025-11-12 19:51:49 CET.

Flavor Version Tinstall Tcheck Ttotal Status Flags
r-devel-linux-x86_64-debian-clang 0.1.0 31.95 91.19 123.14 NOTE
r-devel-linux-x86_64-debian-gcc 0.1.0 22.56 64.99 87.55 NOTE
r-devel-linux-x86_64-fedora-clang 0.1.0 73.00 136.24 209.24 OK
r-devel-linux-x86_64-fedora-gcc 0.1.0 74.00 130.52 204.52 OK
r-devel-windows-x86_64 0.1.0 40.00 108.00 148.00 OK
r-patched-linux-x86_64 0.1.0 35.25 88.18 123.43 OK
r-release-linux-x86_64 0.1.0 32.76 87.82 120.58 OK
r-release-macos-arm64 0.1.0 15.00 47.00 62.00 OK
r-release-macos-x86_64 0.1.0 27.00 81.00 108.00 OK
r-release-windows-x86_64 0.1.0 40.00 111.00 151.00 OK
r-oldrel-macos-arm64 0.1.0 16.00 44.00 60.00 OK
r-oldrel-macos-x86_64 0.1.0 22.00 64.00 86.00 OK
r-oldrel-windows-x86_64 0.1.0 49.00 141.00 190.00 OK

Check Details

Version: 0.1.0
Check: CRAN incoming feasibility
Result: NOTE Maintainer: ‘Léonie Courcoul <leonie.courcoul@u-bordeaux.fr>’ The Description field contains Jacqmin-Gadda (2023) <arXiv:2306.16785>). Please refer to arXiv e-prints via their arXiv DOI <doi:10.48550/arXiv.YYMM.NNNNN>. Flavors: r-devel-linux-x86_64-debian-clang, r-devel-linux-x86_64-debian-gcc

These binaries (installable software) and packages are in development.
They may not be fully stable and should be used with caution. We make no claims about them.