CRAN Package Check Results for Package FlexVarJM

Last updated on 2025-07-25 13:50:20 CEST.

Flavor Version Tinstall Tcheck Ttotal Status Flags
r-devel-linux-x86_64-debian-clang 0.1.0 33.06 91.15 124.21 NOTE
r-devel-linux-x86_64-debian-gcc 0.1.0 23.78 62.75 86.53 NOTE
r-devel-linux-x86_64-fedora-clang 0.1.0 204.86 OK
r-devel-linux-x86_64-fedora-gcc 0.1.0 205.64 OK
r-devel-windows-x86_64 0.1.0 39.00 109.00 148.00 OK
r-patched-linux-x86_64 0.1.0 34.12 85.20 119.32 OK
r-release-linux-x86_64 0.1.0 34.03 83.98 118.01 OK
r-release-macos-arm64 0.1.0 62.00 OK
r-release-macos-x86_64 0.1.0 108.00 OK
r-release-windows-x86_64 0.1.0 39.00 116.00 155.00 OK
r-oldrel-macos-arm64 0.1.0 60.00 OK
r-oldrel-macos-x86_64 0.1.0 86.00 OK
r-oldrel-windows-x86_64 0.1.0 48.00 139.00 187.00 OK

Check Details

Version: 0.1.0
Check: CRAN incoming feasibility
Result: NOTE Maintainer: ‘Léonie Courcoul <leonie.courcoul@u-bordeaux.fr>’ The Description field contains Jacqmin-Gadda (2023) <arXiv:2306.16785>). Please refer to arXiv e-prints via their arXiv DOI <doi:10.48550/arXiv.YYMM.NNNNN>. Flavors: r-devel-linux-x86_64-debian-clang, r-devel-linux-x86_64-debian-gcc

These binaries (installable software) and packages are in development.
They may not be fully stable and should be used with caution. We make no claims about them.