Last updated on 2025-05-02 08:49:26 CEST.
Flavor | Version | Tinstall | Tcheck | Ttotal | Status | Flags |
---|---|---|---|---|---|---|
r-devel-linux-x86_64-debian-clang | 1.0 | 3.38 | 119.26 | 122.64 | NOTE | |
r-devel-linux-x86_64-debian-gcc | 1.0 | 2.66 | 74.22 | 76.88 | OK | |
r-devel-linux-x86_64-fedora-clang | 1.0 | 204.95 | OK | |||
r-devel-linux-x86_64-fedora-gcc | 1.0 | 217.30 | OK | |||
r-devel-windows-x86_64 | 1.0 | 5.00 | 124.00 | 129.00 | OK | |
r-patched-linux-x86_64 | 1.0 | 3.92 | 113.35 | 117.27 | OK | |
r-release-linux-x86_64 | OK | |||||
r-release-macos-arm64 | 1.0 | 64.00 | OK | |||
r-release-macos-x86_64 | 1.0 | 135.00 | OK | |||
r-release-windows-x86_64 | 1.0 | 4.00 | 123.00 | 127.00 | OK | |
r-oldrel-macos-arm64 | 1.0 | 74.00 | OK | |||
r-oldrel-macos-x86_64 | 1.0 | 207.00 | OK | |||
r-oldrel-windows-x86_64 | 1.0 | 4.00 | 160.00 | 164.00 | OK |
Version: 1.0
Check: examples
Result: NOTE
Examples with CPU (user + system) or elapsed time > 5s
user system elapsed
SimTrimor 3.831 0 5.3
Flavor: r-devel-linux-x86_64-debian-clang
These binaries (installable software) and packages are in development.
They may not be fully stable and should be used with caution. We make no claims about them.