Last updated on 2025-10-23 11:50:13 CEST.
Flavor | Version | Tinstall | Tcheck | Ttotal | Status | Flags |
---|---|---|---|---|---|---|
r-devel-linux-x86_64-debian-clang | 0.2.2 | 21.93 | 60.20 | 82.13 | OK | |
r-devel-linux-x86_64-debian-gcc | 0.2.2 | 13.30 | 44.22 | 57.52 | OK | |
r-devel-linux-x86_64-fedora-clang | 0.2.2 | 58.00 | 81.05 | 139.05 | NOTE | |
r-devel-linux-x86_64-fedora-gcc | 0.2.2 | 34.00 | 104.30 | 138.30 | NOTE | |
r-devel-windows-x86_64 | 0.2.2 | 28.00 | 86.00 | 114.00 | OK | |
r-patched-linux-x86_64 | 0.2.2 | 17.35 | 56.59 | 73.94 | OK | |
r-release-linux-x86_64 | 0.2.2 | 19.13 | 57.71 | 76.84 | OK | |
r-release-macos-arm64 | 0.2.2 | 10.00 | 40.00 | 50.00 | OK | |
r-release-macos-x86_64 | 0.2.2 | 11.00 | 66.00 | 77.00 | OK | |
r-release-windows-x86_64 | 0.2.2 | 28.00 | 88.00 | 116.00 | OK | |
r-oldrel-macos-arm64 | 0.2.2 | 9.00 | 31.00 | 40.00 | OK | |
r-oldrel-macos-x86_64 | 0.2.2 | 11.00 | 57.00 | 68.00 | OK | |
r-oldrel-windows-x86_64 | 0.2.2 | 37.00 | 110.00 | 147.00 | OK |
Version: 0.2.2
Check: dependencies in R code
Result: NOTE
Namespaces in Imports field not imported from:
‘kableExtra’ ‘knitr’ ‘rmarkdown’
All declared Imports should be used.
Flavors: r-devel-linux-x86_64-fedora-clang, r-devel-linux-x86_64-fedora-gcc
These binaries (installable software) and packages are in development.
They may not be fully stable and should be used with caution. We make no claims about them.