Last updated on 2024-07-27 15:50:17 CEST.
Flavor | Version | Tinstall | Tcheck | Ttotal | Status | Flags |
---|---|---|---|---|---|---|
r-devel-linux-x86_64-debian-clang | 0.2.2 | 24.82 | 73.07 | 97.89 | OK | |
r-devel-linux-x86_64-debian-gcc | 0.2.2 | OK | ||||
r-devel-linux-x86_64-fedora-clang | 0.2.2 | 162.85 | NOTE | |||
r-devel-linux-x86_64-fedora-gcc | 0.2.2 | 139.50 | NOTE | |||
r-devel-windows-x86_64 | 0.2.2 | 27.00 | 87.00 | 114.00 | OK | |
r-patched-linux-x86_64 | 0.2.2 | OK | ||||
r-release-linux-x86_64 | 0.2.2 | 22.03 | 66.77 | 88.80 | OK | |
r-release-macos-arm64 | 0.2.2 | 40.00 | OK | |||
r-release-macos-x86_64 | 0.2.2 | 68.00 | OK | |||
r-release-windows-x86_64 | 0.2.2 | 37.00 | 83.00 | 120.00 | OK | |
r-oldrel-macos-arm64 | 0.2.2 | 48.00 | OK | |||
r-oldrel-macos-x86_64 | 0.2.2 | 81.00 | OK | |||
r-oldrel-windows-x86_64 | 0.2.2 | 34.00 | 102.00 | 136.00 | OK |
Version: 0.2.2
Check: dependencies in R code
Result: NOTE
Namespaces in Imports field not imported from:
‘kableExtra’ ‘knitr’ ‘rmarkdown’
All declared Imports should be used.
Flavors: r-devel-linux-x86_64-fedora-clang, r-devel-linux-x86_64-fedora-gcc
These binaries (installable software) and packages are in development.
They may not be fully stable and should be used with caution. We make no claims about them.