Last updated on 2025-10-23 11:50:13 CEST.
Flavor | Version | Tinstall | Tcheck | Ttotal | Status | Flags |
---|---|---|---|---|---|---|
r-devel-linux-x86_64-debian-clang | 2.5.1 | 11.71 | 91.16 | 102.87 | OK | |
r-devel-linux-x86_64-debian-gcc | 2.5.1 | 8.40 | 62.00 | 70.40 | NOTE | |
r-devel-linux-x86_64-fedora-clang | 2.5.1 | 67.00 | 84.96 | 151.96 | NOTE | |
r-devel-linux-x86_64-fedora-gcc | 2.5.1 | 45.00 | 103.16 | 148.16 | NOTE | |
r-devel-windows-x86_64 | 2.5.1 | 12.00 | 89.00 | 101.00 | OK | |
r-patched-linux-x86_64 | 2.5.1 | 10.75 | 81.40 | 92.15 | OK | |
r-release-linux-x86_64 | 2.5.1 | 10.50 | 80.56 | 91.06 | OK | |
r-release-macos-arm64 | 2.5.1 | 5.00 | 38.00 | 43.00 | OK | |
r-release-macos-x86_64 | 2.5.1 | 8.00 | 75.00 | 83.00 | OK | |
r-release-windows-x86_64 | 2.5.1 | 12.00 | 88.00 | 100.00 | OK | |
r-oldrel-macos-arm64 | 2.5.1 | 4.00 | 44.00 | 48.00 | OK | |
r-oldrel-macos-x86_64 | 2.5.1 | 13.00 | 98.00 | 111.00 | OK | |
r-oldrel-windows-x86_64 | 2.5.1 | 15.00 | 114.00 | 129.00 | OK |
Version: 2.5.1
Check: Rd files
Result: NOTE
checkRd: (-1) ForIT_DataBase.Rd:40: height/width attributes should be in pixels
Flavors: r-devel-linux-x86_64-debian-gcc, r-devel-linux-x86_64-fedora-clang, r-devel-linux-x86_64-fedora-gcc
These binaries (installable software) and packages are in development.
They may not be fully stable and should be used with caution. We make no claims about them.