Last updated on 2025-05-01 12:49:28 CEST.
Flavor | Version | Tinstall | Tcheck | Ttotal | Status | Flags |
---|---|---|---|---|---|---|
r-devel-linux-x86_64-debian-clang | 0.9.0 | 7.89 | 101.76 | 109.65 | NOTE | |
r-devel-linux-x86_64-debian-gcc | 0.9.0 | 4.99 | 68.15 | 73.14 | OK | |
r-devel-linux-x86_64-fedora-clang | 0.9.0 | 166.25 | OK | |||
r-devel-linux-x86_64-fedora-gcc | 0.9.0 | 156.62 | OK | |||
r-devel-windows-x86_64 | 0.9.0 | 9.00 | 98.00 | 107.00 | OK | |
r-patched-linux-x86_64 | 0.9.0 | 7.61 | 92.17 | 99.78 | OK | |
r-release-linux-x86_64 | OK | |||||
r-release-macos-arm64 | 0.9.0 | 96.00 | OK | |||
r-release-macos-x86_64 | 0.9.0 | 112.00 | OK | |||
r-release-windows-x86_64 | 0.9.0 | 10.00 | 99.00 | 109.00 | OK | |
r-oldrel-macos-arm64 | 0.9.0 | 39.00 | OK | |||
r-oldrel-macos-x86_64 | 0.9.0 | 66.00 | OK | |||
r-oldrel-windows-x86_64 | 0.9.0 | 11.00 | 136.00 | 147.00 | OK |
Version: 0.9.0
Check: examples
Result: NOTE
Examples with CPU (user + system) or elapsed time > 5s
user system elapsed
Plot_Tradeoff 10.228 0.154 14.558
Flavor: r-devel-linux-x86_64-debian-clang
Version: 0.9.0
Check: examples
Result: NA
user system elapsed
Plot_Tradeoff 5.712 0.343 6.956
OK
Flavor: r-devel-linux-x86_64-debian-gcc
These binaries (installable software) and packages are in development.
They may not be fully stable and should be used with caution. We make no claims about them.