CRAN Package Check Results for Package ForecastCombinations

Last updated on 2025-10-04 11:50:35 CEST.

Flavor Version Tinstall Tcheck Ttotal Status Flags
r-devel-linux-x86_64-debian-clang 1.1 7.21 60.62 67.83 NOTE
r-devel-linux-x86_64-debian-gcc 1.1 5.25 45.72 50.97 NOTE
r-devel-linux-x86_64-fedora-clang 1.1 100.06 OK
r-devel-linux-x86_64-fedora-gcc 1.1 98.83 OK
r-devel-windows-x86_64 1.1 8.00 70.00 78.00 OK
r-patched-linux-x86_64 1.1 7.20 57.32 64.52 OK
r-release-linux-x86_64 1.1 6.42 57.46 63.88 OK
r-release-macos-arm64 1.1 37.00 OK
r-release-macos-x86_64 1.1 65.00 OK
r-release-windows-x86_64 1.1 9.00 70.00 79.00 OK
r-oldrel-macos-arm64 1.1 29.00 OK
r-oldrel-macos-x86_64 1.1 46.00 OK
r-oldrel-windows-x86_64 1.1 10.00 82.00 92.00 OK

Check Details

Version: 1.1
Check: CRAN incoming feasibility
Result: NOTE Maintainer: ‘Eran Raviv <eeraviv@gmail.com>’ No Authors@R field in DESCRIPTION. Please add one, modifying Authors@R: person(given = "Eran", family = "Raviv", role = c("aut", "cre"), email = "eeraviv@gmail.com") as necessary. Flavors: r-devel-linux-x86_64-debian-clang, r-devel-linux-x86_64-debian-gcc

These binaries (installable software) and packages are in development.
They may not be fully stable and should be used with caution. We make no claims about them.