CRAN Package Check Results for Package ForecastingEnsembles

Last updated on 2025-05-08 04:52:05 CEST.

Flavor Version Tinstall Tcheck Ttotal Status Flags
r-devel-linux-x86_64-debian-clang 0.5.0 12.29 73.84 86.13 OK
r-devel-linux-x86_64-debian-gcc 0.5.0 9.08 53.47 62.55 OK
r-devel-linux-x86_64-fedora-clang 0.5.0 141.04 OK
r-devel-linux-x86_64-fedora-gcc 0.5.0 142.42 OK
r-devel-windows-x86_64 0.5.0 13.00 81.00 94.00 OK
r-patched-linux-x86_64 0.5.0 11.15 70.37 81.52 OK
r-release-linux-x86_64 0.5.0 11.72 69.79 81.51 OK
r-release-macos-arm64 0.5.0 44.00 OK
r-release-macos-x86_64 0.5.0 90.00 OK
r-release-windows-x86_64 0.5.0 14.00 83.00 97.00 OK
r-oldrel-macos-arm64 0.5.0 48.00 NOTE
r-oldrel-macos-x86_64 0.5.0 103.00 NOTE
r-oldrel-windows-x86_64 0.5.0 17.00 102.00 119.00 NOTE

Check Details

Version: 0.5.0
Check: package dependencies
Result: NOTE Depends: includes the non-default packages: 'doParallel', 'dplyr', 'fable', 'fabletools', 'fable.prophet', 'feasts', 'fracdiff', 'ggplot2', 'gt', 'magrittr', 'parallel', 'readr', 'tibble', 'tidyr', 'tsibble', 'urca' Adding so many packages to the search path is excessive and importing selectively is preferable. Flavors: r-oldrel-macos-arm64, r-oldrel-macos-x86_64, r-oldrel-windows-x86_64

These binaries (installable software) and packages are in development.
They may not be fully stable and should be used with caution. We make no claims about them.