Last updated on 2025-11-12 19:51:49 CET.
| Flavor | Version | Tinstall | Tcheck | Ttotal | Status | Flags |
|---|---|---|---|---|---|---|
| r-devel-linux-x86_64-debian-clang | 0.5.1 | 14.88 | 87.94 | 102.82 | OK | |
| r-devel-linux-x86_64-debian-gcc | 0.5.1 | 10.41 | 65.56 | 75.97 | OK | |
| r-devel-linux-x86_64-fedora-clang | 0.5.1 | 34.00 | 128.42 | 162.42 | OK | |
| r-devel-linux-x86_64-fedora-gcc | 0.5.1 | 35.00 | 130.39 | 165.39 | OK | |
| r-devel-windows-x86_64 | 0.5.1 | 18.00 | 96.00 | 114.00 | OK | |
| r-patched-linux-x86_64 | 0.5.1 | 13.52 | 85.57 | 99.09 | OK | |
| r-release-linux-x86_64 | 0.5.1 | 15.34 | 83.75 | 99.09 | OK | |
| r-release-macos-arm64 | 0.5.1 | 7.00 | 46.00 | 53.00 | OK | |
| r-release-macos-x86_64 | 0.5.1 | 18.00 | 91.00 | 109.00 | OK | |
| r-release-windows-x86_64 | 0.5.1 | 16.00 | 96.00 | 112.00 | OK | |
| r-oldrel-macos-arm64 | 0.5.1 | 10.00 | 144.00 | 154.00 | NOTE | |
| r-oldrel-macos-x86_64 | 0.5.1 | 16.00 | 118.00 | 134.00 | NOTE | |
| r-oldrel-windows-x86_64 | 0.5.1 | 23.00 | 121.00 | 144.00 | NOTE |
Version: 0.5.1
Check: package dependencies
Result: NOTE
Depends: includes the non-default packages:
'distributional', 'doParallel', 'dplyr', 'fable', 'fabletools',
'fable.prophet', 'feasts', 'fracdiff', 'ggplot2', 'gt', 'lubridate',
'magrittr', 'parallel', 'readr', 'scales', 'tibble', 'tidyr',
'tsibble', 'urca'
Adding so many packages to the search path is excessive and importing
selectively is preferable.
Flavors: r-oldrel-macos-arm64, r-oldrel-macos-x86_64, r-oldrel-windows-x86_64
These binaries (installable software) and packages are in development.
They may not be fully stable and should be used with caution. We make no claims about them.