Last updated on 2025-05-01 12:49:28 CEST.
Flavor | Version | Tinstall | Tcheck | Ttotal | Status | Flags |
---|---|---|---|---|---|---|
r-devel-linux-x86_64-debian-clang | 2.1.0 | 10.81 | 160.25 | 171.06 | NOTE | |
r-devel-linux-x86_64-debian-gcc | 2.1.0 | 7.25 | 115.70 | 122.95 | OK | |
r-devel-linux-x86_64-fedora-clang | 2.1.0 | 256.75 | OK | |||
r-devel-linux-x86_64-fedora-gcc | 2.1.0 | 266.74 | OK | |||
r-devel-windows-x86_64 | 2.1.0 | 12.00 | 195.00 | 207.00 | OK | |
r-patched-linux-x86_64 | 2.1.0 | 11.62 | 151.00 | 162.62 | OK | |
r-release-linux-x86_64 | OK | |||||
r-release-macos-arm64 | 2.1.0 | 95.00 | OK | |||
r-release-macos-x86_64 | 2.1.0 | 207.00 | OK | |||
r-release-windows-x86_64 | 2.1.0 | 12.00 | 197.00 | 209.00 | OK | |
r-oldrel-macos-arm64 | 2.1.0 | 82.00 | OK | |||
r-oldrel-macos-x86_64 | 2.1.0 | 194.00 | OK | |||
r-oldrel-windows-x86_64 | 2.1.0 | 15.00 | 247.00 | 262.00 | OK |
Version: 2.1.0
Check: examples
Result: NOTE
Examples with CPU (user + system) or elapsed time > 5s
user system elapsed
plot.fe_stand 4.077 0.027 6.329
Flavor: r-devel-linux-x86_64-debian-clang
These binaries (installable software) and packages are in development.
They may not be fully stable and should be used with caution. We make no claims about them.